{"id":4191,"date":"2025-03-26T22:53:28","date_gmt":"2025-03-26T20:53:28","guid":{"rendered":"https:\/\/cisl.usv.ro\/?page_id=4191"},"modified":"2025-11-05T13:01:30","modified_gmt":"2025-11-05T11:01:30","slug":"cisl-2025-4","status":"publish","type":"page","link":"https:\/\/cisl.usv.ro\/?page_id=4191","title":{"rendered":"CISL 2025"},"content":{"rendered":"<p><a href=\"https:\/\/cisl.usv.ro\/wp-content\/uploads\/sites\/65\/2025\/11\/Programme_CISL_2025.docx\">Programme_CISL_2025<\/a><\/p>\n<div class=\"wp-block-image\"><img fetchpriority=\"high\" decoding=\"async\" class=\"wpa-warning wpa-image-missing-alt alignnone size-medium wp-image-4287\" src=\"https:\/\/cisl.usv.ro\/wp-content\/uploads\/sites\/65\/2025\/11\/Afis_CISL_2025-corectat-212x300.png\" alt=\"\" width=\"212\" height=\"300\" data-warning=\"Missing alt text\" srcset=\"https:\/\/cisl.usv.ro\/wp-content\/uploads\/sites\/65\/2025\/11\/Afis_CISL_2025-corectat-212x300.png 212w, https:\/\/cisl.usv.ro\/wp-content\/uploads\/sites\/65\/2025\/11\/Afis_CISL_2025-corectat-724x1024.png 724w, https:\/\/cisl.usv.ro\/wp-content\/uploads\/sites\/65\/2025\/11\/Afis_CISL_2025-corectat-768x1086.png 768w, https:\/\/cisl.usv.ro\/wp-content\/uploads\/sites\/65\/2025\/11\/Afis_CISL_2025-corectat-1086x1536.png 1086w, https:\/\/cisl.usv.ro\/wp-content\/uploads\/sites\/65\/2025\/11\/Afis_CISL_2025-corectat-1448x2048.png 1448w, https:\/\/cisl.usv.ro\/wp-content\/uploads\/sites\/65\/2025\/11\/Afis_CISL_2025-corectat.png 1587w\" sizes=\"(max-width: 212px) 100vw, 212px\" \/><\/div>\n<p>&nbsp;<\/p>\n<p><strong>Anun\u021b important<\/strong>: Se primesc propuneri de comunic\u0103ri p\u00e2n\u0103 pe <strong>15 septembrie 2025<\/strong>.<\/p>\n<a href=\"https:\/\/cisl.usv.ro\/wp-content\/uploads\/sites\/65\/2025\/03\/Circulara-CISL-2025.pdf\" class=\"pdfemb-viewer\" style=\"\" data-width=\"max\" data-height=\"max\" data-toolbar=\"bottom\" data-toolbar-fixed=\"on\">Circulara CISL 2025<\/a>\n","protected":false},"excerpt":{"rendered":"<p>Programme_CISL_2025 &nbsp; Anun\u021b important: Se primesc propuneri de comunic\u0103ri p\u00e2n\u0103 pe 15 septembrie 2025.<\/p>\n","protected":false},"author":52,"featured_media":0,"parent":0,"menu_order":0,"comment_status":"closed","ping_status":"closed","template":"","meta":{"cybocfi_hide_featured_image":"","footnotes":""},"class_list":["post-4191","page","type-page","status-publish","hentry"],"yoast_head":"<!-- This site is optimized with the Yoast SEO plugin v27.5 - https:\/\/yoast.com\/product\/yoast-seo-wordpress\/ -->\n<title>CISL 2025 - Colocviul Interna\u021bional de \u0218tiin\u021be ale Limbajului (CISL) \u201eEugeniu Co\u0219eriu\u201d<\/title>\n<meta name=\"robots\" content=\"index, follow, max-snippet:-1, max-image-preview:large, max-video-preview:-1\" \/>\n<link rel=\"canonical\" href=\"https:\/\/cisl.usv.ro\/?page_id=4191\" \/>\n<meta property=\"og:locale\" content=\"en_US\" \/>\n<meta property=\"og:type\" content=\"article\" \/>\n<meta property=\"og:title\" content=\"CISL 2025 - Colocviul Interna\u021bional de \u0218tiin\u021be ale Limbajului (CISL) \u201eEugeniu Co\u0219eriu\u201d\" \/>\n<meta property=\"og:description\" content=\"Programme_CISL_2025 &nbsp; Anun\u021b important: Se primesc propuneri de comunic\u0103ri p\u00e2n\u0103 pe 15 septembrie 2025.\" \/>\n<meta property=\"og:url\" content=\"https:\/\/cisl.usv.ro\/?page_id=4191\" \/>\n<meta property=\"og:site_name\" content=\"Colocviul Interna\u021bional de \u0218tiin\u021be ale Limbajului (CISL) \u201eEugeniu Co\u0219eriu\u201d\" \/>\n<meta property=\"article:modified_time\" content=\"2025-11-05T11:01:30+00:00\" \/>\n<meta property=\"og:image\" content=\"https:\/\/cisl.usv.ro\/wp-content\/uploads\/sites\/65\/2025\/11\/Afis_CISL_2025-corectat.png\" \/>\n\t<meta property=\"og:image:width\" content=\"1587\" \/>\n\t<meta property=\"og:image:height\" content=\"2245\" \/>\n\t<meta property=\"og:image:type\" content=\"image\/png\" \/>\n<meta name=\"twitter:card\" content=\"summary_large_image\" \/>\n<meta name=\"twitter:label1\" content=\"Est. reading time\" \/>\n\t<meta name=\"twitter:data1\" content=\"1 minute\" \/>\n<script type=\"application\/ld+json\" class=\"yoast-schema-graph\">{\"@context\":\"https:\\\/\\\/schema.org\",\"@graph\":[{\"@type\":\"WebPage\",\"@id\":\"https:\\\/\\\/cisl.usv.ro\\\/?page_id=4191\",\"url\":\"https:\\\/\\\/cisl.usv.ro\\\/?page_id=4191\",\"name\":\"CISL 2025 - Colocviul Interna\u021bional de \u0218tiin\u021be ale Limbajului (CISL) \u201eEugeniu Co\u0219eriu\u201d\",\"isPartOf\":{\"@id\":\"https:\\\/\\\/cisl.usv.ro\\\/#website\"},\"primaryImageOfPage\":{\"@id\":\"https:\\\/\\\/cisl.usv.ro\\\/?page_id=4191#primaryimage\"},\"image\":{\"@id\":\"https:\\\/\\\/cisl.usv.ro\\\/?page_id=4191#primaryimage\"},\"thumbnailUrl\":\"https:\\\/\\\/cisl.usv.ro\\\/wp-content\\\/uploads\\\/sites\\\/65\\\/2025\\\/11\\\/Afis_CISL_2025-corectat-212x300.png\",\"datePublished\":\"2025-03-26T20:53:28+00:00\",\"dateModified\":\"2025-11-05T11:01:30+00:00\",\"breadcrumb\":{\"@id\":\"https:\\\/\\\/cisl.usv.ro\\\/?page_id=4191#breadcrumb\"},\"inLanguage\":\"en-US\",\"potentialAction\":[{\"@type\":\"ReadAction\",\"target\":[\"https:\\\/\\\/cisl.usv.ro\\\/?page_id=4191\"]}]},{\"@type\":\"ImageObject\",\"inLanguage\":\"en-US\",\"@id\":\"https:\\\/\\\/cisl.usv.ro\\\/?page_id=4191#primaryimage\",\"url\":\"https:\\\/\\\/cisl.usv.ro\\\/wp-content\\\/uploads\\\/sites\\\/65\\\/2025\\\/11\\\/Afis_CISL_2025-corectat.png\",\"contentUrl\":\"https:\\\/\\\/cisl.usv.ro\\\/wp-content\\\/uploads\\\/sites\\\/65\\\/2025\\\/11\\\/Afis_CISL_2025-corectat.png\",\"width\":1587,\"height\":2245},{\"@type\":\"BreadcrumbList\",\"@id\":\"https:\\\/\\\/cisl.usv.ro\\\/?page_id=4191#breadcrumb\",\"itemListElement\":[{\"@type\":\"ListItem\",\"position\":1,\"name\":\"Home\",\"item\":\"https:\\\/\\\/cisl.usv.ro\\\/\"},{\"@type\":\"ListItem\",\"position\":2,\"name\":\"CISL 2025\"}]},{\"@type\":\"WebSite\",\"@id\":\"https:\\\/\\\/cisl.usv.ro\\\/#website\",\"url\":\"https:\\\/\\\/cisl.usv.ro\\\/\",\"name\":\"Colocviul Interna\u021bional de \u0218tiin\u021be ale Limbajului (CISL) \u201eEugeniu Co\u0219eriu\u201d\",\"description\":\"Colocviul Interna\u021bional de \u0218tiin\u021be ale Limbajului \u201cEugeniu Co\u0219eriu\u201d, cu o tradi\u0163ie de peste 30 de ani, reprezint\u0103 un eveniment academic de referin\u021b\u0103 \u00een urm\u0103toarele domenii: semiotic\u0103, lingvistic\u0103, literatur\u0103, \u015ftiin\u0163e umaniste, filosofia limbii, didactic\u0103.\",\"potentialAction\":[{\"@type\":\"SearchAction\",\"target\":{\"@type\":\"EntryPoint\",\"urlTemplate\":\"https:\\\/\\\/cisl.usv.ro\\\/?s={search_term_string}\"},\"query-input\":{\"@type\":\"PropertyValueSpecification\",\"valueRequired\":true,\"valueName\":\"search_term_string\"}}],\"inLanguage\":\"en-US\"}]}<\/script>\n<!-- \/ Yoast SEO plugin. -->","yoast_head_json":{"title":"CISL 2025 - Colocviul Interna\u021bional de \u0218tiin\u021be ale Limbajului (CISL) \u201eEugeniu Co\u0219eriu\u201d","robots":{"index":"index","follow":"follow","max-snippet":"max-snippet:-1","max-image-preview":"max-image-preview:large","max-video-preview":"max-video-preview:-1"},"canonical":"https:\/\/cisl.usv.ro\/?page_id=4191","og_locale":"en_US","og_type":"article","og_title":"CISL 2025 - Colocviul Interna\u021bional de \u0218tiin\u021be ale Limbajului (CISL) \u201eEugeniu Co\u0219eriu\u201d","og_description":"Programme_CISL_2025 &nbsp; Anun\u021b important: Se primesc propuneri de comunic\u0103ri p\u00e2n\u0103 pe 15 septembrie 2025.","og_url":"https:\/\/cisl.usv.ro\/?page_id=4191","og_site_name":"Colocviul Interna\u021bional de \u0218tiin\u021be ale Limbajului (CISL) \u201eEugeniu Co\u0219eriu\u201d","article_modified_time":"2025-11-05T11:01:30+00:00","og_image":[{"width":1587,"height":2245,"url":"https:\/\/cisl.usv.ro\/wp-content\/uploads\/sites\/65\/2025\/11\/Afis_CISL_2025-corectat.png","type":"image\/png"}],"twitter_card":"summary_large_image","twitter_misc":{"Est. reading time":"1 minute"},"schema":{"@context":"https:\/\/schema.org","@graph":[{"@type":"WebPage","@id":"https:\/\/cisl.usv.ro\/?page_id=4191","url":"https:\/\/cisl.usv.ro\/?page_id=4191","name":"CISL 2025 - Colocviul Interna\u021bional de \u0218tiin\u021be ale Limbajului (CISL) \u201eEugeniu Co\u0219eriu\u201d","isPartOf":{"@id":"https:\/\/cisl.usv.ro\/#website"},"primaryImageOfPage":{"@id":"https:\/\/cisl.usv.ro\/?page_id=4191#primaryimage"},"image":{"@id":"https:\/\/cisl.usv.ro\/?page_id=4191#primaryimage"},"thumbnailUrl":"https:\/\/cisl.usv.ro\/wp-content\/uploads\/sites\/65\/2025\/11\/Afis_CISL_2025-corectat-212x300.png","datePublished":"2025-03-26T20:53:28+00:00","dateModified":"2025-11-05T11:01:30+00:00","breadcrumb":{"@id":"https:\/\/cisl.usv.ro\/?page_id=4191#breadcrumb"},"inLanguage":"en-US","potentialAction":[{"@type":"ReadAction","target":["https:\/\/cisl.usv.ro\/?page_id=4191"]}]},{"@type":"ImageObject","inLanguage":"en-US","@id":"https:\/\/cisl.usv.ro\/?page_id=4191#primaryimage","url":"https:\/\/cisl.usv.ro\/wp-content\/uploads\/sites\/65\/2025\/11\/Afis_CISL_2025-corectat.png","contentUrl":"https:\/\/cisl.usv.ro\/wp-content\/uploads\/sites\/65\/2025\/11\/Afis_CISL_2025-corectat.png","width":1587,"height":2245},{"@type":"BreadcrumbList","@id":"https:\/\/cisl.usv.ro\/?page_id=4191#breadcrumb","itemListElement":[{"@type":"ListItem","position":1,"name":"Home","item":"https:\/\/cisl.usv.ro\/"},{"@type":"ListItem","position":2,"name":"CISL 2025"}]},{"@type":"WebSite","@id":"https:\/\/cisl.usv.ro\/#website","url":"https:\/\/cisl.usv.ro\/","name":"Colocviul Interna\u021bional de \u0218tiin\u021be ale Limbajului (CISL) \u201eEugeniu Co\u0219eriu\u201d","description":"Colocviul Interna\u021bional de \u0218tiin\u021be ale Limbajului \u201cEugeniu Co\u0219eriu\u201d, cu o tradi\u0163ie de peste 30 de ani, reprezint\u0103 un eveniment academic de referin\u021b\u0103 \u00een urm\u0103toarele domenii: semiotic\u0103, lingvistic\u0103, literatur\u0103, \u015ftiin\u0163e umaniste, filosofia limbii, didactic\u0103.","potentialAction":[{"@type":"SearchAction","target":{"@type":"EntryPoint","urlTemplate":"https:\/\/cisl.usv.ro\/?s={search_term_string}"},"query-input":{"@type":"PropertyValueSpecification","valueRequired":true,"valueName":"search_term_string"}}],"inLanguage":"en-US"}]}},"_links":{"self":[{"href":"https:\/\/cisl.usv.ro\/index.php?rest_route=\/wp\/v2\/pages\/4191","targetHints":{"allow":["GET"]}}],"collection":[{"href":"https:\/\/cisl.usv.ro\/index.php?rest_route=\/wp\/v2\/pages"}],"about":[{"href":"https:\/\/cisl.usv.ro\/index.php?rest_route=\/wp\/v2\/types\/page"}],"author":[{"embeddable":true,"href":"https:\/\/cisl.usv.ro\/index.php?rest_route=\/wp\/v2\/users\/52"}],"replies":[{"embeddable":true,"href":"https:\/\/cisl.usv.ro\/index.php?rest_route=%2Fwp%2Fv2%2Fcomments&post=4191"}],"version-history":[{"count":5,"href":"https:\/\/cisl.usv.ro\/index.php?rest_route=\/wp\/v2\/pages\/4191\/revisions"}],"predecessor-version":[{"id":4288,"href":"https:\/\/cisl.usv.ro\/index.php?rest_route=\/wp\/v2\/pages\/4191\/revisions\/4288"}],"wp:attachment":[{"href":"https:\/\/cisl.usv.ro\/index.php?rest_route=%2Fwp%2Fv2%2Fmedia&parent=4191"}],"curies":[{"name":"wp","href":"https:\/\/api.w.org\/{rel}","templated":true}]}}

<p><a href="https://cisl.usv.ro/wp-content/uploads/sites/65/2025/11/Programme_CISL_2025.docx">Programme_CISL_2025</a></p>
<div class="wp-block-image"><img fetchpriority="high" decoding="async" class="wpa-warning wpa-image-missing-alt alignnone size-medium wp-image-4287" src="https://cisl.usv.ro/wp-content/uploads/sites/65/2025/11/Afis_CISL_2025-corectat-212x300.png" alt="" width="212" height="300" data-warning="Missing alt text" srcset="https://cisl.usv.ro/wp-content/uploads/sites/65/2025/11/Afis_CISL_2025-corectat-212x300.png 212w, https://cisl.usv.ro/wp-content/uploads/sites/65/2025/11/Afis_CISL_2025-corectat-724x1024.png 724w, https://cisl.usv.ro/wp-content/uploads/sites/65/2025/11/Afis_CISL_2025-corectat-768x1086.png 768w, https://cisl.usv.ro/wp-content/uploads/sites/65/2025/11/Afis_CISL_2025-corectat-1086x1536.png 1086w, https://cisl.usv.ro/wp-content/uploads/sites/65/2025/11/Afis_CISL_2025-corectat-1448x2048.png 1448w, https://cisl.usv.ro/wp-content/uploads/sites/65/2025/11/Afis_CISL_2025-corectat.png 1587w" sizes="(max-width: 212px) 100vw, 212px" /></div>
<p>&nbsp;</p>
<p><strong>Anunț important</strong>: Se primesc propuneri de comunicări până pe <strong>15 septembrie 2025</strong>.</p>
<a href="https://cisl.usv.ro/wp-content/uploads/sites/65/2025/03/Circulara-CISL-2025.pdf" class="pdfemb-viewer" style="" data-width="max" data-height="max" data-toolbar="bottom" data-toolbar-fixed="on">Circulara CISL 2025</a>

<p>Programme_CISL_2025 &nbsp; Anunț important: Se primesc propuneri de comunicări până pe 15 septembrie 2025.</p>

<!-- This site is optimized with the Yoast SEO plugin v27.5 - https://yoast.com/product/yoast-seo-wordpress/ -->
<title>CISL 2025 - Colocviul Internațional de Științe ale Limbajului (CISL) „Eugeniu Coșeriu”</title>
<meta name="robots" content="index, follow, max-snippet:-1, max-image-preview:large, max-video-preview:-1" />
<link rel="canonical" href="https://cisl.usv.ro/?page_id=4191" />
<meta property="og:locale" content="en_US" />
<meta property="og:type" content="article" />
<meta property="og:title" content="CISL 2025 - Colocviul Internațional de Științe ale Limbajului (CISL) „Eugeniu Coșeriu”" />
<meta property="og:description" content="Programme_CISL_2025 &nbsp; Anunț important: Se primesc propuneri de comunicări până pe 15 septembrie 2025." />
<meta property="og:url" content="https://cisl.usv.ro/?page_id=4191" />
<meta property="og:site_name" content="Colocviul Internațional de Științe ale Limbajului (CISL) „Eugeniu Coșeriu”" />
<meta property="article:modified_time" content="2025-11-05T11:01:30+00:00" />
<meta property="og:image" content="https://cisl.usv.ro/wp-content/uploads/sites/65/2025/11/Afis_CISL_2025-corectat.png" />
	<meta property="og:image:width" content="1587" />
	<meta property="og:image:height" content="2245" />
	<meta property="og:image:type" content="image/png" />
<meta name="twitter:card" content="summary_large_image" />
<meta name="twitter:label1" content="Est. reading time" />
	<meta name="twitter:data1" content="1 minute" />
<script type="application/ld+json" class="yoast-schema-graph">{"@context":"https:\/\/schema.org","@graph":[{"@type":"WebPage","@id":"https:\/\/cisl.usv.ro\/?page_id=4191","url":"https:\/\/cisl.usv.ro\/?page_id=4191","name":"CISL 2025 - Colocviul Internațional de Științe ale Limbajului (CISL) „Eugeniu Coșeriu”","isPartOf":{"@id":"https:\/\/cisl.usv.ro\/#website"},"primaryImageOfPage":{"@id":"https:\/\/cisl.usv.ro\/?page_id=4191#primaryimage"},"image":{"@id":"https:\/\/cisl.usv.ro\/?page_id=4191#primaryimage"},"thumbnailUrl":"https:\/\/cisl.usv.ro\/wp-content\/uploads\/sites\/65\/2025\/11\/Afis_CISL_2025-corectat-212x300.png","datePublished":"2025-03-26T20:53:28+00:00","dateModified":"2025-11-05T11:01:30+00:00","breadcrumb":{"@id":"https:\/\/cisl.usv.ro\/?page_id=4191#breadcrumb"},"inLanguage":"en-US","potentialAction":[{"@type":"ReadAction","target":["https:\/\/cisl.usv.ro\/?page_id=4191"]}]},{"@type":"ImageObject","inLanguage":"en-US","@id":"https:\/\/cisl.usv.ro\/?page_id=4191#primaryimage","url":"https:\/\/cisl.usv.ro\/wp-content\/uploads\/sites\/65\/2025\/11\/Afis_CISL_2025-corectat.png","contentUrl":"https:\/\/cisl.usv.ro\/wp-content\/uploads\/sites\/65\/2025\/11\/Afis_CISL_2025-corectat.png","width":1587,"height":2245},{"@type":"BreadcrumbList","@id":"https:\/\/cisl.usv.ro\/?page_id=4191#breadcrumb","itemListElement":[{"@type":"ListItem","position":1,"name":"Home","item":"https:\/\/cisl.usv.ro\/"},{"@type":"ListItem","position":2,"name":"CISL 2025"}]},{"@type":"WebSite","@id":"https:\/\/cisl.usv.ro\/#website","url":"https:\/\/cisl.usv.ro\/","name":"Colocviul Internațional de Științe ale Limbajului (CISL) „Eugeniu Coșeriu”","description":"Colocviul Internațional de Științe ale Limbajului “Eugeniu Coșeriu”, cu o tradiţie de peste 30 de ani, reprezintă un eveniment academic de referință în următoarele domenii: semiotică, lingvistică, literatură, ştiinţe umaniste, filosofia limbii, didactică.","potentialAction":[{"@type":"SearchAction","target":{"@type":"EntryPoint","urlTemplate":"https:\/\/cisl.usv.ro\/?s={search_term_string}"},"query-input":{"@type":"PropertyValueSpecification","valueRequired":true,"valueName":"search_term_string"}}],"inLanguage":"en-US"}]}</script>
<!-- / Yoast SEO plugin. -->

CISL 2025 - Colocviul Internațional de Științe ale Limbajului (CISL) „Eugeniu Coșeriu”

Programme_CISL_2025 &nbsp; Anunț important: Se primesc propuneri de comunicări până pe 15 septembrie 2025.

Colocviul Internațional de Științe ale Limbajului (CISL) „Eugeniu Coșeriu”

Colocviul Internațional de Științe ale Limbajului “Eugeniu Coșeriu”, cu o tradiţie de peste 30 de ani, reprezintă un eveniment academic de referință în următoarele domenii: semiotică, lingvistică, literatură, ştiinţe umaniste, filosofia limbii, didactică.
