{"id":3292,"date":"2024-08-02T13:21:40","date_gmt":"2024-08-02T10:21:40","guid":{"rendered":"https:\/\/cisl.usv.ro\/?page_id=3292"},"modified":"2024-08-11T13:33:41","modified_gmt":"2024-08-11T10:33:41","slug":"cisl-actes","status":"publish","type":"page","link":"https:\/\/cisl.usv.ro\/?page_id=3292&lang=fr","title":{"rendered":"CISL Actes"},"content":{"rendered":"\n<li>1. Ardeleanu, Sanda Maria, Diaconu, Mircea A., F\u00eenaru, Dorel, H\u0103isan, Daniela (coords.) (2024):\u00a0 <em>Limbaje \u0219i comunicare<\/em>, XVII. <em>Timp \u0219i limbaj<\/em>,\u00a0 Suceava: Editura USV.<\/li>\n<p><\/br><br \/>\n<a href=\"https:\/\/cisl.usv.ro\/wp-content\/uploads\/sites\/65\/2024\/07\/Volum-CISL-XVII-2023-1.pdf\" class=\"pdfemb-viewer\" style=\"\" data-width=\"max\" data-height=\"max\" data-toolbar=\"bottom\" data-toolbar-fixed=\"on\">Volum CISL XVII (2023)<\/a>\n<br \/><\/br> \t<\/p>\n<li>2.\u00a0 Ardeleanu, Sanda-Maria, Coroi, Ioana-Crina, F\u00eenaru, Dorel (coords.) (2015): <em>Dinamica limbilor \u0219i literaturilor \u00een epoca globaliz\u0103rii<\/em>. Ia\u0219i: Demiurg.<br \/>\n<br \/><\/br><br \/>\n<a href=\"https:\/\/cisl.usv.ro\/wp-content\/uploads\/sites\/65\/2024\/08\/CISL-2015_TOT-2.pdf\" class=\"pdfemb-viewer\" style=\"\" data-width=\"max\" data-height=\"max\" data-toolbar=\"bottom\" data-toolbar-fixed=\"on\">CISL 2015_TOT<\/a>\n<br \/><\/br><br \/>\n<a href=\"https:\/\/cisl.usv.ro\/wp-content\/uploads\/sites\/65\/2024\/07\/S_M_ARDELEANU_I_C_Prodan_COROI_D_FINARU.pdf\" class=\"pdfemb-viewer\" style=\"\" data-width=\"max\" data-height=\"max\" data-toolbar=\"bottom\" data-toolbar-fixed=\"on\">S_M_ARDELEANU_I_C_Prodan_COROI_D_FINARU<\/a><\/li>\n<p><\/br><\/p>\n<li>3.\u00a0\u00a0Axenti, Eufrosinia, Condrea, Irina, Zban\u021b, Ludmila, Ciobanu, Anatol, Ardeleanu, Sanda-Maria, Moldoveanu, Gheorghe, Jernovei, Gheorghe (coords.)(2006): <em>Strategii discursive<\/em>, Chi\u0219in\u0103u: Centrul Editorial-poligrafic al USM.<\/li>\n<p><\/br><\/p>\n<li>4. Ardeleanu, Sanda-Maria, Moldoveanu, Gheorghe, Jernovei, Gheorghe (coords.)(2005): <em>Limbaje \u0219i comunicare<\/em>, VII. Suceava: Editura Universit\u0103\u021bii Suceava.<\/li>\n<p><\/br><\/p>\n<li>5. <span>Bratu, Florian, Ardeleanu, Sanda-Maria, Moldoveanu, Gheorghe (coords.) (2000):\u00a0<\/span><em>Limbaje \u0219i comunicare<\/em><span>, IV. Suceava: Editura Universit\u0103\u021bii Suceava.<\/span><\/li>\n<p><\/br><\/p>\n<li>6. (1995): <em>Limbaje \u0219i comunicare<\/em>, I. Ia\u0219i: Institutul European.<\/li>\n<p><\/br><br \/>\n<a href=\"https:\/\/cisl.usv.ro\/wp-content\/uploads\/sites\/65\/2024\/08\/CamScanner-2024-08-07-13.57-1.pdf\" class=\"pdfemb-viewer\" style=\"\" data-width=\"max\" data-height=\"max\" data-toolbar=\"bottom\" data-toolbar-fixed=\"on\">CamScanner 2024-08-07 13.57 (1)<\/a>\n<li>7. (1992): <em>Colocviul Interna\u021bional de \u0218tiin\u021be ale Comunic\u0103rii.Lingvistic\u0103, semiotic\u0103, poetic\u0103, stilistic\u0103<\/em>, I. Suceava: Editura Universit\u0103\u021bii Suceava.<\/li>\n<p><\/br><br \/>\n<a href=\"https:\/\/cisl.usv.ro\/wp-content\/uploads\/sites\/65\/2024\/08\/CamScanner-2024-08-07-13.52-1.pdf\" class=\"pdfemb-viewer\" style=\"\" data-width=\"max\" data-height=\"max\" data-toolbar=\"bottom\" data-toolbar-fixed=\"on\">CamScanner 2024-08-07 13.52 (1)<\/a>\n","protected":false},"excerpt":{"rendered":"<p>1. Ardeleanu, Sanda Maria, Diaconu, Mircea A., F\u00eenaru, Dorel, H\u0103isan, Daniela (coords.) (2024):\u00a0 Limbaje \u0219i comunicare, XVII. Timp \u0219i limbaj,\u00a0 Suceava: Editura USV. 2.\u00a0 Ardeleanu, Sanda-Maria, Coroi, Ioana-Crina, F\u00eenaru, Dorel (coords.) (2015): Dinamica limbilor \u0219i literaturilor \u00een epoca globaliz\u0103rii. Ia\u0219i: Demiurg. 3.\u00a0\u00a0Axenti, Eufrosinia, Condrea, Irina, Zban\u021b, Ludmila, Ciobanu, Anatol, Ardeleanu, Sanda-Maria, Moldoveanu, Gheorghe, Jernovei, Gheorghe<\/p>\n","protected":false},"author":52,"featured_media":0,"parent":0,"menu_order":0,"comment_status":"closed","ping_status":"closed","template":"","meta":{"cybocfi_hide_featured_image":"","footnotes":""},"class_list":["post-3292","page","type-page","status-publish","hentry"],"yoast_head":"<!-- This site is optimized with the Yoast SEO plugin v27.5 - https:\/\/yoast.com\/product\/yoast-seo-wordpress\/ -->\n<title>CISL Actes - Colocviul Interna\u021bional de \u0218tiin\u021be ale Limbajului (CISL) \u201eEugeniu Co\u0219eriu\u201d<\/title>\n<meta name=\"robots\" content=\"index, follow, max-snippet:-1, max-image-preview:large, max-video-preview:-1\" \/>\n<link rel=\"canonical\" href=\"https:\/\/cisl.usv.ro\/?page_id=3292&lang=fr\" \/>\n<meta property=\"og:locale\" content=\"en_US\" \/>\n<meta property=\"og:type\" content=\"article\" \/>\n<meta property=\"og:title\" content=\"CISL Actes - Colocviul Interna\u021bional de \u0218tiin\u021be ale Limbajului (CISL) \u201eEugeniu Co\u0219eriu\u201d\" \/>\n<meta property=\"og:description\" content=\"1. Ardeleanu, Sanda Maria, Diaconu, Mircea A., F\u00eenaru, Dorel, H\u0103isan, Daniela (coords.) (2024):\u00a0 Limbaje \u0219i comunicare, XVII. Timp \u0219i limbaj,\u00a0 Suceava: Editura USV. 2.\u00a0 Ardeleanu, Sanda-Maria, Coroi, Ioana-Crina, F\u00eenaru, Dorel (coords.) (2015): Dinamica limbilor \u0219i literaturilor \u00een epoca globaliz\u0103rii. Ia\u0219i: Demiurg. 3.\u00a0\u00a0Axenti, Eufrosinia, Condrea, Irina, Zban\u021b, Ludmila, Ciobanu, Anatol, Ardeleanu, Sanda-Maria, Moldoveanu, Gheorghe, Jernovei, Gheorghe\" \/>\n<meta property=\"og:url\" content=\"https:\/\/cisl.usv.ro\/?page_id=3292&amp;lang=fr\" \/>\n<meta property=\"og:site_name\" content=\"Colocviul Interna\u021bional de \u0218tiin\u021be ale Limbajului (CISL) \u201eEugeniu Co\u0219eriu\u201d\" \/>\n<meta property=\"article:modified_time\" content=\"2024-08-11T10:33:41+00:00\" \/>\n<meta name=\"twitter:card\" content=\"summary_large_image\" \/>\n<meta name=\"twitter:label1\" content=\"Est. reading time\" \/>\n\t<meta name=\"twitter:data1\" content=\"1 minute\" \/>\n<script type=\"application\/ld+json\" class=\"yoast-schema-graph\">{\"@context\":\"https:\\\/\\\/schema.org\",\"@graph\":[{\"@type\":\"WebPage\",\"@id\":\"https:\\\/\\\/cisl.usv.ro\\\/?page_id=3292&lang=fr\",\"url\":\"https:\\\/\\\/cisl.usv.ro\\\/?page_id=3292&lang=fr\",\"name\":\"CISL Actes - Colocviul Interna\u021bional de \u0218tiin\u021be ale Limbajului (CISL) \u201eEugeniu Co\u0219eriu\u201d\",\"isPartOf\":{\"@id\":\"https:\\\/\\\/cisl.usv.ro\\\/#website\"},\"datePublished\":\"2024-08-02T10:21:40+00:00\",\"dateModified\":\"2024-08-11T10:33:41+00:00\",\"breadcrumb\":{\"@id\":\"https:\\\/\\\/cisl.usv.ro\\\/?page_id=3292&lang=fr#breadcrumb\"},\"inLanguage\":\"en-US\",\"potentialAction\":[{\"@type\":\"ReadAction\",\"target\":[\"https:\\\/\\\/cisl.usv.ro\\\/?page_id=3292&lang=fr\"]}]},{\"@type\":\"BreadcrumbList\",\"@id\":\"https:\\\/\\\/cisl.usv.ro\\\/?page_id=3292&lang=fr#breadcrumb\",\"itemListElement\":[{\"@type\":\"ListItem\",\"position\":1,\"name\":\"Home\",\"item\":\"https:\\\/\\\/cisl.usv.ro\\\/\"},{\"@type\":\"ListItem\",\"position\":2,\"name\":\"CISL Actes\"}]},{\"@type\":\"WebSite\",\"@id\":\"https:\\\/\\\/cisl.usv.ro\\\/#website\",\"url\":\"https:\\\/\\\/cisl.usv.ro\\\/\",\"name\":\"Colocviul Interna\u021bional de \u0218tiin\u021be ale Limbajului (CISL) \u201eEugeniu Co\u0219eriu\u201d\",\"description\":\"Colocviul Interna\u021bional de \u0218tiin\u021be ale Limbajului \u201cEugeniu Co\u0219eriu\u201d, cu o tradi\u0163ie de peste 30 de ani, reprezint\u0103 un eveniment academic de referin\u021b\u0103 \u00een urm\u0103toarele domenii: semiotic\u0103, lingvistic\u0103, literatur\u0103, \u015ftiin\u0163e umaniste, filosofia limbii, didactic\u0103.\",\"potentialAction\":[{\"@type\":\"SearchAction\",\"target\":{\"@type\":\"EntryPoint\",\"urlTemplate\":\"https:\\\/\\\/cisl.usv.ro\\\/?s={search_term_string}\"},\"query-input\":{\"@type\":\"PropertyValueSpecification\",\"valueRequired\":true,\"valueName\":\"search_term_string\"}}],\"inLanguage\":\"en-US\"}]}<\/script>\n<!-- \/ Yoast SEO plugin. -->","yoast_head_json":{"title":"CISL Actes - Colocviul Interna\u021bional de \u0218tiin\u021be ale Limbajului (CISL) \u201eEugeniu Co\u0219eriu\u201d","robots":{"index":"index","follow":"follow","max-snippet":"max-snippet:-1","max-image-preview":"max-image-preview:large","max-video-preview":"max-video-preview:-1"},"canonical":"https:\/\/cisl.usv.ro\/?page_id=3292&lang=fr","og_locale":"en_US","og_type":"article","og_title":"CISL Actes - Colocviul Interna\u021bional de \u0218tiin\u021be ale Limbajului (CISL) \u201eEugeniu Co\u0219eriu\u201d","og_description":"1. Ardeleanu, Sanda Maria, Diaconu, Mircea A., F\u00eenaru, Dorel, H\u0103isan, Daniela (coords.) (2024):\u00a0 Limbaje \u0219i comunicare, XVII. Timp \u0219i limbaj,\u00a0 Suceava: Editura USV. 2.\u00a0 Ardeleanu, Sanda-Maria, Coroi, Ioana-Crina, F\u00eenaru, Dorel (coords.) (2015): Dinamica limbilor \u0219i literaturilor \u00een epoca globaliz\u0103rii. Ia\u0219i: Demiurg. 3.\u00a0\u00a0Axenti, Eufrosinia, Condrea, Irina, Zban\u021b, Ludmila, Ciobanu, Anatol, Ardeleanu, Sanda-Maria, Moldoveanu, Gheorghe, Jernovei, Gheorghe","og_url":"https:\/\/cisl.usv.ro\/?page_id=3292&lang=fr","og_site_name":"Colocviul Interna\u021bional de \u0218tiin\u021be ale Limbajului (CISL) \u201eEugeniu Co\u0219eriu\u201d","article_modified_time":"2024-08-11T10:33:41+00:00","twitter_card":"summary_large_image","twitter_misc":{"Est. reading time":"1 minute"},"schema":{"@context":"https:\/\/schema.org","@graph":[{"@type":"WebPage","@id":"https:\/\/cisl.usv.ro\/?page_id=3292&lang=fr","url":"https:\/\/cisl.usv.ro\/?page_id=3292&lang=fr","name":"CISL Actes - Colocviul Interna\u021bional de \u0218tiin\u021be ale Limbajului (CISL) \u201eEugeniu Co\u0219eriu\u201d","isPartOf":{"@id":"https:\/\/cisl.usv.ro\/#website"},"datePublished":"2024-08-02T10:21:40+00:00","dateModified":"2024-08-11T10:33:41+00:00","breadcrumb":{"@id":"https:\/\/cisl.usv.ro\/?page_id=3292&lang=fr#breadcrumb"},"inLanguage":"en-US","potentialAction":[{"@type":"ReadAction","target":["https:\/\/cisl.usv.ro\/?page_id=3292&lang=fr"]}]},{"@type":"BreadcrumbList","@id":"https:\/\/cisl.usv.ro\/?page_id=3292&lang=fr#breadcrumb","itemListElement":[{"@type":"ListItem","position":1,"name":"Home","item":"https:\/\/cisl.usv.ro\/"},{"@type":"ListItem","position":2,"name":"CISL Actes"}]},{"@type":"WebSite","@id":"https:\/\/cisl.usv.ro\/#website","url":"https:\/\/cisl.usv.ro\/","name":"Colocviul Interna\u021bional de \u0218tiin\u021be ale Limbajului (CISL) \u201eEugeniu Co\u0219eriu\u201d","description":"Colocviul Interna\u021bional de \u0218tiin\u021be ale Limbajului \u201cEugeniu Co\u0219eriu\u201d, cu o tradi\u0163ie de peste 30 de ani, reprezint\u0103 un eveniment academic de referin\u021b\u0103 \u00een urm\u0103toarele domenii: semiotic\u0103, lingvistic\u0103, literatur\u0103, \u015ftiin\u0163e umaniste, filosofia limbii, didactic\u0103.","potentialAction":[{"@type":"SearchAction","target":{"@type":"EntryPoint","urlTemplate":"https:\/\/cisl.usv.ro\/?s={search_term_string}"},"query-input":{"@type":"PropertyValueSpecification","valueRequired":true,"valueName":"search_term_string"}}],"inLanguage":"en-US"}]}},"_links":{"self":[{"href":"https:\/\/cisl.usv.ro\/index.php?rest_route=\/wp\/v2\/pages\/3292","targetHints":{"allow":["GET"]}}],"collection":[{"href":"https:\/\/cisl.usv.ro\/index.php?rest_route=\/wp\/v2\/pages"}],"about":[{"href":"https:\/\/cisl.usv.ro\/index.php?rest_route=\/wp\/v2\/types\/page"}],"author":[{"embeddable":true,"href":"https:\/\/cisl.usv.ro\/index.php?rest_route=\/wp\/v2\/users\/52"}],"replies":[{"embeddable":true,"href":"https:\/\/cisl.usv.ro\/index.php?rest_route=%2Fwp%2Fv2%2Fcomments&post=3292"}],"version-history":[{"count":0,"href":"https:\/\/cisl.usv.ro\/index.php?rest_route=\/wp\/v2\/pages\/3292\/revisions"}],"wp:attachment":[{"href":"https:\/\/cisl.usv.ro\/index.php?rest_route=%2Fwp%2Fv2%2Fmedia&parent=3292"}],"curies":[{"name":"wp","href":"https:\/\/api.w.org\/{rel}","templated":true}]}}

<li>1. Ardeleanu, Sanda Maria, Diaconu, Mircea A., Fînaru, Dorel, Hăisan, Daniela (coords.) (2024):  <em>Limbaje și comunicare</em>, XVII. <em>Timp și limbaj</em>,  Suceava: Editura USV.</li>
<p></br><br />
<a href="https://cisl.usv.ro/wp-content/uploads/sites/65/2024/07/Volum-CISL-XVII-2023-1.pdf" class="pdfemb-viewer" style="" data-width="max" data-height="max" data-toolbar="bottom" data-toolbar-fixed="on">Volum CISL XVII (2023)</a>
<br /></br> 	</p>
<li>2.  Ardeleanu, Sanda-Maria, Coroi, Ioana-Crina, Fînaru, Dorel (coords.) (2015): <em>Dinamica limbilor și literaturilor în epoca globalizării</em>. Iași: Demiurg.<br />
<br /></br><br />
<a href="https://cisl.usv.ro/wp-content/uploads/sites/65/2024/08/CISL-2015_TOT-2.pdf" class="pdfemb-viewer" style="" data-width="max" data-height="max" data-toolbar="bottom" data-toolbar-fixed="on">CISL 2015_TOT</a>
<br /></br><br />
<a href="https://cisl.usv.ro/wp-content/uploads/sites/65/2024/07/S_M_ARDELEANU_I_C_Prodan_COROI_D_FINARU.pdf" class="pdfemb-viewer" style="" data-width="max" data-height="max" data-toolbar="bottom" data-toolbar-fixed="on">S_M_ARDELEANU_I_C_Prodan_COROI_D_FINARU</a></li>
<p></br></p>
<li>3.  Axenti, Eufrosinia, Condrea, Irina, Zbanț, Ludmila, Ciobanu, Anatol, Ardeleanu, Sanda-Maria, Moldoveanu, Gheorghe, Jernovei, Gheorghe (coords.)(2006): <em>Strategii discursive</em>, Chișinău: Centrul Editorial-poligrafic al USM.</li>
<p></br></p>
<li>4. Ardeleanu, Sanda-Maria, Moldoveanu, Gheorghe, Jernovei, Gheorghe (coords.)(2005): <em>Limbaje și comunicare</em>, VII. Suceava: Editura Universității Suceava.</li>
<p></br></p>
<li>5. <span>Bratu, Florian, Ardeleanu, Sanda-Maria, Moldoveanu, Gheorghe (coords.) (2000): </span><em>Limbaje și comunicare</em><span>, IV. Suceava: Editura Universității Suceava.</span></li>
<p></br></p>
<li>6. (1995): <em>Limbaje și comunicare</em>, I. Iași: Institutul European.</li>
<p></br><br />
<a href="https://cisl.usv.ro/wp-content/uploads/sites/65/2024/08/CamScanner-2024-08-07-13.57-1.pdf" class="pdfemb-viewer" style="" data-width="max" data-height="max" data-toolbar="bottom" data-toolbar-fixed="on">CamScanner 2024-08-07 13.57 (1)</a>
<li>7. (1992): <em>Colocviul Internațional de Științe ale Comunicării.Lingvistică, semiotică, poetică, stilistică</em>, I. Suceava: Editura Universității Suceava.</li>
<p></br><br />
<a href="https://cisl.usv.ro/wp-content/uploads/sites/65/2024/08/CamScanner-2024-08-07-13.52-1.pdf" class="pdfemb-viewer" style="" data-width="max" data-height="max" data-toolbar="bottom" data-toolbar-fixed="on">CamScanner 2024-08-07 13.52 (1)</a>

<p>1. Ardeleanu, Sanda Maria, Diaconu, Mircea A., Fînaru, Dorel, Hăisan, Daniela (coords.) (2024):  Limbaje și comunicare, XVII. Timp și limbaj,  Suceava: Editura USV. 2.  Ardeleanu, Sanda-Maria, Coroi, Ioana-Crina, Fînaru, Dorel (coords.) (2015): Dinamica limbilor și literaturilor în epoca globalizării. Iași: Demiurg. 3.  Axenti, Eufrosinia, Condrea, Irina, Zbanț, Ludmila, Ciobanu, Anatol, Ardeleanu, Sanda-Maria, Moldoveanu, Gheorghe, Jernovei, Gheorghe</p>

<!-- This site is optimized with the Yoast SEO plugin v27.5 - https://yoast.com/product/yoast-seo-wordpress/ -->
<title>CISL Actes - Colocviul Internațional de Științe ale Limbajului (CISL) „Eugeniu Coșeriu”</title>
<meta name="robots" content="index, follow, max-snippet:-1, max-image-preview:large, max-video-preview:-1" />
<link rel="canonical" href="https://cisl.usv.ro/?page_id=3292&lang=fr" />
<meta property="og:locale" content="en_US" />
<meta property="og:type" content="article" />
<meta property="og:title" content="CISL Actes - Colocviul Internațional de Științe ale Limbajului (CISL) „Eugeniu Coșeriu”" />
<meta property="og:description" content="1. Ardeleanu, Sanda Maria, Diaconu, Mircea A., Fînaru, Dorel, Hăisan, Daniela (coords.) (2024):  Limbaje și comunicare, XVII. Timp și limbaj,  Suceava: Editura USV. 2.  Ardeleanu, Sanda-Maria, Coroi, Ioana-Crina, Fînaru, Dorel (coords.) (2015): Dinamica limbilor și literaturilor în epoca globalizării. Iași: Demiurg. 3.  Axenti, Eufrosinia, Condrea, Irina, Zbanț, Ludmila, Ciobanu, Anatol, Ardeleanu, Sanda-Maria, Moldoveanu, Gheorghe, Jernovei, Gheorghe" />
<meta property="og:url" content="https://cisl.usv.ro/?page_id=3292&amp;lang=fr" />
<meta property="og:site_name" content="Colocviul Internațional de Științe ale Limbajului (CISL) „Eugeniu Coșeriu”" />
<meta property="article:modified_time" content="2024-08-11T10:33:41+00:00" />
<meta name="twitter:card" content="summary_large_image" />
<meta name="twitter:label1" content="Est. reading time" />
	<meta name="twitter:data1" content="1 minute" />
<script type="application/ld+json" class="yoast-schema-graph">{"@context":"https:\/\/schema.org","@graph":[{"@type":"WebPage","@id":"https:\/\/cisl.usv.ro\/?page_id=3292&lang=fr","url":"https:\/\/cisl.usv.ro\/?page_id=3292&lang=fr","name":"CISL Actes - Colocviul Internațional de Științe ale Limbajului (CISL) „Eugeniu Coșeriu”","isPartOf":{"@id":"https:\/\/cisl.usv.ro\/#website"},"datePublished":"2024-08-02T10:21:40+00:00","dateModified":"2024-08-11T10:33:41+00:00","breadcrumb":{"@id":"https:\/\/cisl.usv.ro\/?page_id=3292&lang=fr#breadcrumb"},"inLanguage":"en-US","potentialAction":[{"@type":"ReadAction","target":["https:\/\/cisl.usv.ro\/?page_id=3292&lang=fr"]}]},{"@type":"BreadcrumbList","@id":"https:\/\/cisl.usv.ro\/?page_id=3292&lang=fr#breadcrumb","itemListElement":[{"@type":"ListItem","position":1,"name":"Home","item":"https:\/\/cisl.usv.ro\/"},{"@type":"ListItem","position":2,"name":"CISL Actes"}]},{"@type":"WebSite","@id":"https:\/\/cisl.usv.ro\/#website","url":"https:\/\/cisl.usv.ro\/","name":"Colocviul Internațional de Științe ale Limbajului (CISL) „Eugeniu Coșeriu”","description":"Colocviul Internațional de Științe ale Limbajului “Eugeniu Coșeriu”, cu o tradiţie de peste 30 de ani, reprezintă un eveniment academic de referință în următoarele domenii: semiotică, lingvistică, literatură, ştiinţe umaniste, filosofia limbii, didactică.","potentialAction":[{"@type":"SearchAction","target":{"@type":"EntryPoint","urlTemplate":"https:\/\/cisl.usv.ro\/?s={search_term_string}"},"query-input":{"@type":"PropertyValueSpecification","valueRequired":true,"valueName":"search_term_string"}}],"inLanguage":"en-US"}]}</script>
<!-- / Yoast SEO plugin. -->

CISL Actes - Colocviul Internațional de Științe ale Limbajului (CISL) „Eugeniu Coșeriu”

1. Ardeleanu, Sanda Maria, Diaconu, Mircea A., Fînaru, Dorel, Hăisan, Daniela (coords.) (2024):  Limbaje și comunicare, XVII. Timp și limbaj,  Suceava: Editura USV. 2.  Ardeleanu, Sanda-Maria, Coroi, Ioana-Crina, Fînaru, Dorel (coords.) (2015): Dinamica limbilor și literaturilor în epoca globalizării. Iași: Demiurg. 3.  Axenti, Eufrosinia, Condrea, Irina, Zbanț, Ludmila, Ciobanu, Anatol, Ardeleanu, Sanda-Maria, Moldoveanu, Gheorghe, Jernovei, Gheorghe

Colocviul Internațional de Științe ale Limbajului (CISL) „Eugeniu Coșeriu”

Colocviul Internațional de Științe ale Limbajului “Eugeniu Coșeriu”, cu o tradiţie de peste 30 de ani, reprezintă un eveniment academic de referință în următoarele domenii: semiotică, lingvistică, literatură, ştiinţe umaniste, filosofia limbii, didactică.
