{"id":3153,"date":"2024-08-02T10:27:36","date_gmt":"2024-08-02T07:27:36","guid":{"rendered":"https:\/\/cisl.usv.ro\/?page_id=3153"},"modified":"2024-08-10T17:17:17","modified_gmt":"2024-08-10T14:17:17","slug":"comite-de-organizacion","status":"publish","type":"page","link":"https:\/\/cisl.usv.ro\/?page_id=3153&lang=es","title":{"rendered":"Comit\u00e9 de organizaci\u00f3n"},"content":{"rendered":"<p><strong>2023<\/strong>\t<\/p>\n<li>Sanda-Maria Ardeleanu<\/li>\n<li>Cristina Bleor\u021bu<\/li>\n<li>Claudia Costin<\/li>\n<li>Marius Cucu<\/li>\n<li>Mircea A. Diaconu<\/li>\n<li>Ani\u015foara-Nina Dumitrov<\/li>\n<li>Ioan F\u0103rmu\u0219<\/li>\n<li>Dorel F\u00eenaru<\/li>\n<li>Olga Gancevici<\/li>\n<li>Daniela H\u0103isan<\/li>\n<li>Cristinel Munteanu<\/li>\n<li>Rodica Nagy<\/li>\n<li>Cristinia Paladian<\/li>\n<li>Daniela Petro\u0219el<\/li>\n<li>Arthur Suciu<\/li>\n<li>Mariana \u015eovea<\/li>\n<li>Lumini\u0163a Elena Turcu<\/li>\n<li>Felicia Vr\u00e2nceanu<\/li>\n<li>Ludmila Zban\u021b<\/li>\n<p><\/br><br \/>\n<strong>2021<\/strong><\/p>\n<li>Adriana Cazacu<\/li>\n<li>Elena Varzari<\/li>\n<li>Angela Gr\u0103dinaru<\/li>\n<li>Tatiana Ciocoi<\/li>\n<li>Sanda Maria Ardeleanu<\/li>\n<li>Mircea Diaconu<\/li>\n<li>Lora Bostan<\/li>\n<li>Ludmila Zban\u0163<\/li>\n<li>Maria \u0218leahti\u0163chi<\/li>\n<li>Claudia Cem\u00e2rtan<\/li>\n<li>Ion Gu\u0163u<\/li>\n<li>Viorica Lifari<\/li>\n<li>Viorica Molo\u0219niuc<\/li>\n<li>Cristinia Paladian<\/li>\n<li>Daniela Pascaru<\/li>\n<li>Ludmila Usat\u00e2i<\/li>\n<li>Felicia Vr\u00e2nceanu<\/li>\n<li>Silvia Gu\u0163u<\/li>\n<li>Laura M\u00e2rzac<\/li>\n<li> Elena Junghietu<\/li>\n<p><\/br><br \/>\n<strong>2015<\/strong><\/p>\n<li>Sanda-Maria Ardeleanu<\/li>\n<li>Rodica Nagy<\/li>\n<li>Elena-Br\u00e2ndu\u0219a Steiciuc<\/li>\n<li>Claudia Costin<\/li>\n<li>Cornelia Macsiniuc<\/li>\n<li>Olga Oprea-Gancevici<\/li>\n<li>Evelina Mezalina Graur<\/li>\n<li>Lumini\u021ba-Elena Turcu<\/li>\n<li>Raluca-Nicoleta Bala\u0163chi<\/li>\n<li>Elena-Camelia Biholaru<\/li>\n<li>Ioana-Crina Coroi<\/li>\n<li>Nicoleta-Loredana Moro\u0219an<\/li>\n<li>Corina Iftimia<\/li>\n","protected":false},"excerpt":{"rendered":"<p>2023 Sanda-Maria Ardeleanu Cristina Bleor\u021bu Claudia Costin Marius Cucu Mircea A. Diaconu Ani\u015foara-Nina Dumitrov Ioan F\u0103rmu\u0219 Dorel F\u00eenaru Olga Gancevici Daniela H\u0103isan Cristinel Munteanu Rodica Nagy Cristinia Paladian Daniela Petro\u0219el Arthur Suciu Mariana \u015eovea Lumini\u0163a Elena Turcu Felicia Vr\u00e2nceanu Ludmila Zban\u021b 2021 Adriana Cazacu Elena Varzari Angela Gr\u0103dinaru Tatiana Ciocoi Sanda Maria Ardeleanu Mircea Diaconu<\/p>\n","protected":false},"author":52,"featured_media":0,"parent":0,"menu_order":0,"comment_status":"closed","ping_status":"closed","template":"","meta":{"cybocfi_hide_featured_image":"","footnotes":""},"class_list":["post-3153","page","type-page","status-publish","hentry"],"yoast_head":"<!-- This site is optimized with the Yoast SEO plugin v27.5 - https:\/\/yoast.com\/product\/yoast-seo-wordpress\/ -->\n<title>Comit\u00e9 de organizaci\u00f3n - Colocviul Interna\u021bional de \u0218tiin\u021be ale Limbajului (CISL) \u201eEugeniu Co\u0219eriu\u201d<\/title>\n<meta name=\"robots\" content=\"index, follow, max-snippet:-1, max-image-preview:large, max-video-preview:-1\" \/>\n<link rel=\"canonical\" href=\"https:\/\/cisl.usv.ro\/?page_id=3153&lang=es\" \/>\n<meta property=\"og:locale\" content=\"en_US\" \/>\n<meta property=\"og:type\" content=\"article\" \/>\n<meta property=\"og:title\" content=\"Comit\u00e9 de organizaci\u00f3n - Colocviul Interna\u021bional de \u0218tiin\u021be ale Limbajului (CISL) \u201eEugeniu Co\u0219eriu\u201d\" \/>\n<meta property=\"og:description\" content=\"2023 Sanda-Maria Ardeleanu Cristina Bleor\u021bu Claudia Costin Marius Cucu Mircea A. Diaconu Ani\u015foara-Nina Dumitrov Ioan F\u0103rmu\u0219 Dorel F\u00eenaru Olga Gancevici Daniela H\u0103isan Cristinel Munteanu Rodica Nagy Cristinia Paladian Daniela Petro\u0219el Arthur Suciu Mariana \u015eovea Lumini\u0163a Elena Turcu Felicia Vr\u00e2nceanu Ludmila Zban\u021b 2021 Adriana Cazacu Elena Varzari Angela Gr\u0103dinaru Tatiana Ciocoi Sanda Maria Ardeleanu Mircea Diaconu\" \/>\n<meta property=\"og:url\" content=\"https:\/\/cisl.usv.ro\/?page_id=3153&amp;lang=es\" \/>\n<meta property=\"og:site_name\" content=\"Colocviul Interna\u021bional de \u0218tiin\u021be ale Limbajului (CISL) \u201eEugeniu Co\u0219eriu\u201d\" \/>\n<meta property=\"article:modified_time\" content=\"2024-08-10T14:17:17+00:00\" \/>\n<meta name=\"twitter:card\" content=\"summary_large_image\" \/>\n<meta name=\"twitter:label1\" content=\"Est. reading time\" \/>\n\t<meta name=\"twitter:data1\" content=\"1 minute\" \/>\n<script type=\"application\/ld+json\" class=\"yoast-schema-graph\">{\"@context\":\"https:\\\/\\\/schema.org\",\"@graph\":[{\"@type\":\"WebPage\",\"@id\":\"https:\\\/\\\/cisl.usv.ro\\\/?page_id=3153&lang=es\",\"url\":\"https:\\\/\\\/cisl.usv.ro\\\/?page_id=3153&lang=es\",\"name\":\"Comit\u00e9 de organizaci\u00f3n - Colocviul Interna\u021bional de \u0218tiin\u021be ale Limbajului (CISL) \u201eEugeniu Co\u0219eriu\u201d\",\"isPartOf\":{\"@id\":\"https:\\\/\\\/cisl.usv.ro\\\/#website\"},\"datePublished\":\"2024-08-02T07:27:36+00:00\",\"dateModified\":\"2024-08-10T14:17:17+00:00\",\"breadcrumb\":{\"@id\":\"https:\\\/\\\/cisl.usv.ro\\\/?page_id=3153&lang=es#breadcrumb\"},\"inLanguage\":\"en-US\",\"potentialAction\":[{\"@type\":\"ReadAction\",\"target\":[\"https:\\\/\\\/cisl.usv.ro\\\/?page_id=3153&lang=es\"]}]},{\"@type\":\"BreadcrumbList\",\"@id\":\"https:\\\/\\\/cisl.usv.ro\\\/?page_id=3153&lang=es#breadcrumb\",\"itemListElement\":[{\"@type\":\"ListItem\",\"position\":1,\"name\":\"Home\",\"item\":\"https:\\\/\\\/cisl.usv.ro\\\/\"},{\"@type\":\"ListItem\",\"position\":2,\"name\":\"Comit\u00e9 de organizaci\u00f3n\"}]},{\"@type\":\"WebSite\",\"@id\":\"https:\\\/\\\/cisl.usv.ro\\\/#website\",\"url\":\"https:\\\/\\\/cisl.usv.ro\\\/\",\"name\":\"Colocviul Interna\u021bional de \u0218tiin\u021be ale Limbajului (CISL) \u201eEugeniu Co\u0219eriu\u201d\",\"description\":\"Colocviul Interna\u021bional de \u0218tiin\u021be ale Limbajului \u201cEugeniu Co\u0219eriu\u201d, cu o tradi\u0163ie de peste 30 de ani, reprezint\u0103 un eveniment academic de referin\u021b\u0103 \u00een urm\u0103toarele domenii: semiotic\u0103, lingvistic\u0103, literatur\u0103, \u015ftiin\u0163e umaniste, filosofia limbii, didactic\u0103.\",\"potentialAction\":[{\"@type\":\"SearchAction\",\"target\":{\"@type\":\"EntryPoint\",\"urlTemplate\":\"https:\\\/\\\/cisl.usv.ro\\\/?s={search_term_string}\"},\"query-input\":{\"@type\":\"PropertyValueSpecification\",\"valueRequired\":true,\"valueName\":\"search_term_string\"}}],\"inLanguage\":\"en-US\"}]}<\/script>\n<!-- \/ Yoast SEO plugin. -->","yoast_head_json":{"title":"Comit\u00e9 de organizaci\u00f3n - Colocviul Interna\u021bional de \u0218tiin\u021be ale Limbajului (CISL) \u201eEugeniu Co\u0219eriu\u201d","robots":{"index":"index","follow":"follow","max-snippet":"max-snippet:-1","max-image-preview":"max-image-preview:large","max-video-preview":"max-video-preview:-1"},"canonical":"https:\/\/cisl.usv.ro\/?page_id=3153&lang=es","og_locale":"en_US","og_type":"article","og_title":"Comit\u00e9 de organizaci\u00f3n - Colocviul Interna\u021bional de \u0218tiin\u021be ale Limbajului (CISL) \u201eEugeniu Co\u0219eriu\u201d","og_description":"2023 Sanda-Maria Ardeleanu Cristina Bleor\u021bu Claudia Costin Marius Cucu Mircea A. Diaconu Ani\u015foara-Nina Dumitrov Ioan F\u0103rmu\u0219 Dorel F\u00eenaru Olga Gancevici Daniela H\u0103isan Cristinel Munteanu Rodica Nagy Cristinia Paladian Daniela Petro\u0219el Arthur Suciu Mariana \u015eovea Lumini\u0163a Elena Turcu Felicia Vr\u00e2nceanu Ludmila Zban\u021b 2021 Adriana Cazacu Elena Varzari Angela Gr\u0103dinaru Tatiana Ciocoi Sanda Maria Ardeleanu Mircea Diaconu","og_url":"https:\/\/cisl.usv.ro\/?page_id=3153&lang=es","og_site_name":"Colocviul Interna\u021bional de \u0218tiin\u021be ale Limbajului (CISL) \u201eEugeniu Co\u0219eriu\u201d","article_modified_time":"2024-08-10T14:17:17+00:00","twitter_card":"summary_large_image","twitter_misc":{"Est. reading time":"1 minute"},"schema":{"@context":"https:\/\/schema.org","@graph":[{"@type":"WebPage","@id":"https:\/\/cisl.usv.ro\/?page_id=3153&lang=es","url":"https:\/\/cisl.usv.ro\/?page_id=3153&lang=es","name":"Comit\u00e9 de organizaci\u00f3n - Colocviul Interna\u021bional de \u0218tiin\u021be ale Limbajului (CISL) \u201eEugeniu Co\u0219eriu\u201d","isPartOf":{"@id":"https:\/\/cisl.usv.ro\/#website"},"datePublished":"2024-08-02T07:27:36+00:00","dateModified":"2024-08-10T14:17:17+00:00","breadcrumb":{"@id":"https:\/\/cisl.usv.ro\/?page_id=3153&lang=es#breadcrumb"},"inLanguage":"en-US","potentialAction":[{"@type":"ReadAction","target":["https:\/\/cisl.usv.ro\/?page_id=3153&lang=es"]}]},{"@type":"BreadcrumbList","@id":"https:\/\/cisl.usv.ro\/?page_id=3153&lang=es#breadcrumb","itemListElement":[{"@type":"ListItem","position":1,"name":"Home","item":"https:\/\/cisl.usv.ro\/"},{"@type":"ListItem","position":2,"name":"Comit\u00e9 de organizaci\u00f3n"}]},{"@type":"WebSite","@id":"https:\/\/cisl.usv.ro\/#website","url":"https:\/\/cisl.usv.ro\/","name":"Colocviul Interna\u021bional de \u0218tiin\u021be ale Limbajului (CISL) \u201eEugeniu Co\u0219eriu\u201d","description":"Colocviul Interna\u021bional de \u0218tiin\u021be ale Limbajului \u201cEugeniu Co\u0219eriu\u201d, cu o tradi\u0163ie de peste 30 de ani, reprezint\u0103 un eveniment academic de referin\u021b\u0103 \u00een urm\u0103toarele domenii: semiotic\u0103, lingvistic\u0103, literatur\u0103, \u015ftiin\u0163e umaniste, filosofia limbii, didactic\u0103.","potentialAction":[{"@type":"SearchAction","target":{"@type":"EntryPoint","urlTemplate":"https:\/\/cisl.usv.ro\/?s={search_term_string}"},"query-input":{"@type":"PropertyValueSpecification","valueRequired":true,"valueName":"search_term_string"}}],"inLanguage":"en-US"}]}},"_links":{"self":[{"href":"https:\/\/cisl.usv.ro\/index.php?rest_route=\/wp\/v2\/pages\/3153","targetHints":{"allow":["GET"]}}],"collection":[{"href":"https:\/\/cisl.usv.ro\/index.php?rest_route=\/wp\/v2\/pages"}],"about":[{"href":"https:\/\/cisl.usv.ro\/index.php?rest_route=\/wp\/v2\/types\/page"}],"author":[{"embeddable":true,"href":"https:\/\/cisl.usv.ro\/index.php?rest_route=\/wp\/v2\/users\/52"}],"replies":[{"embeddable":true,"href":"https:\/\/cisl.usv.ro\/index.php?rest_route=%2Fwp%2Fv2%2Fcomments&post=3153"}],"version-history":[{"count":0,"href":"https:\/\/cisl.usv.ro\/index.php?rest_route=\/wp\/v2\/pages\/3153\/revisions"}],"wp:attachment":[{"href":"https:\/\/cisl.usv.ro\/index.php?rest_route=%2Fwp%2Fv2%2Fmedia&parent=3153"}],"curies":[{"name":"wp","href":"https:\/\/api.w.org\/{rel}","templated":true}]}}