{"id":2968,"date":"2024-07-31T17:49:19","date_gmt":"2024-07-31T14:49:19","guid":{"rendered":"https:\/\/cisl.usv.ro\/?page_id=2968"},"modified":"2024-08-09T18:16:59","modified_gmt":"2024-08-09T15:16:59","slug":"editii","status":"publish","type":"page","link":"https:\/\/cisl.usv.ro\/?page_id=2968","title":{"rendered":"Edi\u021bii"},"content":{"rendered":"\n<li>1. <em>Colocviul Interna\u0163ional de \u015etiin\u0163e ale Limbajului \u201cEugeniu Co\u015feriu\u201d<\/em>, ed. XVII, <em>Timp \u015fi limbaj<\/em>, Universitatea \u201c\u015etefan cel Mare\u201d, Suceava, 20-24\/09\/2023.<\/li>\n<li>2. <em>Colocviul Interna\u0163ional de \u015etiin\u0163e ale Limbajului \u201cEugeniu Co\u015feriu\u201d<\/em>, ed. XVI, <em>Limb\u0103, creativitate, cultur\u0103 \u2013 structuri de rezisten\u0163\u0103 ale fiin\u0163ei umane<\/em>, Universitatea de Stat din Moldova, Chi\u015fin\u0103u, 24-25\/09\/2021.<\/li>\n<li>3. <em>Colocviul Interna\u0163ional de \u015etiin\u0163e ale Limbajului \u201cEugeniu Co\u015feriu\u201d<\/em>, ed. XV, <em>Schimbarea lingvistic\u0103 \u015fi schimbarea lingvisticii<\/em>, Universitatea Na\u021bional\u0103 \u201cYuriy Fedkovych\u201d, Cern\u0103u\u021bi, 11-12\/10\/2019.<\/li>\n<li>4. <em>Colocviul Interna\u0163ional de \u015etiin\u0163e ale Limbajului \u201cEugeniu Co\u015feriu\u201d<\/em>, ed. XIV, <em>Text \u2013 co(n)text \u2013 multiculturalitate<\/em>, Universitatea de Stat din Moldova, Chi\u015fin\u0103u, 13-14\/10\/2017.<\/li>\n<li>5. <em>Colocviul Interna\u0163ional de \u015etiin\u0163e ale Limbajului \u201cEugeniu Co\u015feriu\u201d<\/em>, ed. XIII, <em>Dinamica limbilor \u015fi literaturilor \u00een epoca globaliz\u0103rii<\/em>, Universitatea \u201c\u015etefan cel Mare\u201d, Suceava, 16-18\/10\/2015.<\/li>\n<li>6. <em>Colocviul Interna\u0163ional de \u015etiin\u0163e ale Limbajului \u201cEugeniu Co\u015feriu\u201d<\/em>, ed. XII, <em>Lingvistic\u0103 integral\u0103 \u2013 multilingvism \u2013 discurs literar<\/em>, Universitatea Na\u021bional\u0103 \u201cYuriy Fedkovych\u201d, Cern\u0103u\u021bi, 19-21\/09\/2013.<\/li>\n<li>7. <em>Colocviul Interna\u0163ional de \u015etiin\u0163e ale Limbajului \u201cEugeniu Co\u015feriu\u201d<\/em>, ed. XI, <em>Norm\u0103 \u2013 sistem \u2013 uz: condimensionare actual\u0103<\/em>, Universitatea de Stat din Moldova, Chi\u015fin\u0103u, 12-14\/05\/2011.<\/li>\n<li>8. <em>Colocviul Interna\u0163ional de \u015etiin\u0163e ale Limbajului \u201cEugeniu Co\u015feriu\u201d<\/em>, ed. X, <em>Creativitate, semanticitate, alteritate<\/em>, Universitatea \u201c\u015etefan cel Mare\u201d, Suceava, 22-24\/X\/2009.<\/li>\n<li>9. <em>Colocviul Interna\u021bional de \u0218tiin\u021be ale Limbajului \u201cEugeniu Co\u0219eriu\u201d<\/em>, ed. IX, Universitatea \u201c\u0218tefan cel Mare\u201d, Suceava, 2007.<\/li>\n<li>10. <em>Colocviul Interna\u021bional de \u0218tiin\u021be ale Limbajului \u201cEugeniu Co\u0219eriu\u201d<\/em>, ed. VIII, Universitatea de Stat din Moldova, Chi\u0219in\u0103u, 2005.<\/li>\n<li>11. <em>Colocviul Interna\u021bional de \u0218tiin\u021be ale Limbajului \u201cEugeniu Co\u0219eriu\u201d<\/em>, ed. VII, Universitatea Na\u021bional\u0103 \u201cYuriy Fedkovych\u201d, Cern\u0103u\u021bi, 2-5\/10\/2003.<\/li>\n<li>12. <em>Colocviul Interna\u021bional de \u0218tiin\u021be ale Limbajului \u201cEugeniu Co\u0219eriu\u201d<\/em>, ed. VI, Universitatea \u201c\u0218tefan cel Mare\u201d, Suceava, 2001.<\/li>\n<li>13. <em>Colocviul Interna\u021bional de \u0218tiin\u021be ale Limbajului<\/em>, ed. IV, Universitatea \u201c\u0218tefan cel Mare\u201d, Suceava, 1999.<\/li>\n<li>14. <em>Colocviul Interna\u021bional de \u0218tiin\u021be ale Limbajului<\/em>, <em>Expresie \u0219i sens<\/em>, ed. III, Universitatea \u201c\u0218tefan cel Mare\u201d, Suceava, 10\/1997.<\/li>\n<li>15.<em>Colocviul Interna\u021bional de \u0218tiin\u021be ale Limbajului<\/em>, <em>Limbaje \u0219i comunicare<\/em>, ed. II, Universitatea \u201c\u0218tefan cel Mare\u201d, Suceava, 1995.<\/li>\n<li>16. <em>Colocviul Interna\u021bional de \u0218tiin\u021be ale Limbajului<\/em>, <em>Limbaje \u0219i comunicare<\/em>, ed. I, Universitatea \u201c\u0218tefan cel Mare\u201d, Suceava, 15-17\/10\/1993.<\/li>\n<li>17. <em>Colocviul Interna\u021bional de \u0218tiin\u021be ale Limbajului<\/em>, <em>Lingvistic\u0103, semiotic\u0103, poetic\u0103, stilistic\u0103<\/em>, Universitatea \u201c\u0218tefan cel Mare\u201d, Suceava, 1992.<\/li>\n","protected":false},"excerpt":{"rendered":"<p>1. Colocviul Interna\u0163ional de \u015etiin\u0163e ale Limbajului \u201cEugeniu Co\u015feriu\u201d, ed. XVII, Timp \u015fi limbaj, Universitatea \u201c\u015etefan cel Mare\u201d, Suceava, 20-24\/09\/2023. 2. Colocviul Interna\u0163ional de \u015etiin\u0163e ale Limbajului \u201cEugeniu Co\u015feriu\u201d, ed. XVI, Limb\u0103, creativitate, cultur\u0103 \u2013 structuri de rezisten\u0163\u0103 ale fiin\u0163ei umane, Universitatea de Stat din Moldova, Chi\u015fin\u0103u, 24-25\/09\/2021. 3. Colocviul Interna\u0163ional de \u015etiin\u0163e ale Limbajului<\/p>\n","protected":false},"author":52,"featured_media":0,"parent":0,"menu_order":0,"comment_status":"closed","ping_status":"closed","template":"","meta":{"cybocfi_hide_featured_image":"","footnotes":""},"class_list":["post-2968","page","type-page","status-publish","hentry"],"yoast_head":"<!-- This site is optimized with the Yoast SEO plugin v27.5 - https:\/\/yoast.com\/product\/yoast-seo-wordpress\/ -->\n<title>Edi\u021bii - Colocviul Interna\u021bional de \u0218tiin\u021be ale Limbajului (CISL) \u201eEugeniu Co\u0219eriu\u201d<\/title>\n<meta name=\"robots\" content=\"index, follow, max-snippet:-1, max-image-preview:large, max-video-preview:-1\" \/>\n<link rel=\"canonical\" href=\"https:\/\/cisl.usv.ro\/?page_id=2968\" \/>\n<meta property=\"og:locale\" content=\"en_US\" \/>\n<meta property=\"og:type\" content=\"article\" \/>\n<meta property=\"og:title\" content=\"Edi\u021bii - Colocviul Interna\u021bional de \u0218tiin\u021be ale Limbajului (CISL) \u201eEugeniu Co\u0219eriu\u201d\" \/>\n<meta property=\"og:description\" content=\"1. Colocviul Interna\u0163ional de \u015etiin\u0163e ale Limbajului \u201cEugeniu Co\u015feriu\u201d, ed. XVII, Timp \u015fi limbaj, Universitatea \u201c\u015etefan cel Mare\u201d, Suceava, 20-24\/09\/2023. 2. Colocviul Interna\u0163ional de \u015etiin\u0163e ale Limbajului \u201cEugeniu Co\u015feriu\u201d, ed. XVI, Limb\u0103, creativitate, cultur\u0103 \u2013 structuri de rezisten\u0163\u0103 ale fiin\u0163ei umane, Universitatea de Stat din Moldova, Chi\u015fin\u0103u, 24-25\/09\/2021. 3. Colocviul Interna\u0163ional de \u015etiin\u0163e ale Limbajului\" \/>\n<meta property=\"og:url\" content=\"https:\/\/cisl.usv.ro\/?page_id=2968\" \/>\n<meta property=\"og:site_name\" content=\"Colocviul Interna\u021bional de \u0218tiin\u021be ale Limbajului (CISL) \u201eEugeniu Co\u0219eriu\u201d\" \/>\n<meta property=\"article:modified_time\" content=\"2024-08-09T15:16:59+00:00\" \/>\n<meta name=\"twitter:card\" content=\"summary_large_image\" \/>\n<meta name=\"twitter:label1\" content=\"Est. reading time\" \/>\n\t<meta name=\"twitter:data1\" content=\"2 minutes\" \/>\n<script type=\"application\/ld+json\" class=\"yoast-schema-graph\">{\"@context\":\"https:\\\/\\\/schema.org\",\"@graph\":[{\"@type\":\"WebPage\",\"@id\":\"https:\\\/\\\/cisl.usv.ro\\\/?page_id=2968\",\"url\":\"https:\\\/\\\/cisl.usv.ro\\\/?page_id=2968\",\"name\":\"Edi\u021bii - Colocviul Interna\u021bional de \u0218tiin\u021be ale Limbajului (CISL) \u201eEugeniu Co\u0219eriu\u201d\",\"isPartOf\":{\"@id\":\"https:\\\/\\\/cisl.usv.ro\\\/#website\"},\"datePublished\":\"2024-07-31T14:49:19+00:00\",\"dateModified\":\"2024-08-09T15:16:59+00:00\",\"breadcrumb\":{\"@id\":\"https:\\\/\\\/cisl.usv.ro\\\/?page_id=2968#breadcrumb\"},\"inLanguage\":\"en-US\",\"potentialAction\":[{\"@type\":\"ReadAction\",\"target\":[\"https:\\\/\\\/cisl.usv.ro\\\/?page_id=2968\"]}]},{\"@type\":\"BreadcrumbList\",\"@id\":\"https:\\\/\\\/cisl.usv.ro\\\/?page_id=2968#breadcrumb\",\"itemListElement\":[{\"@type\":\"ListItem\",\"position\":1,\"name\":\"Home\",\"item\":\"https:\\\/\\\/cisl.usv.ro\\\/\"},{\"@type\":\"ListItem\",\"position\":2,\"name\":\"Edi\u021bii\"}]},{\"@type\":\"WebSite\",\"@id\":\"https:\\\/\\\/cisl.usv.ro\\\/#website\",\"url\":\"https:\\\/\\\/cisl.usv.ro\\\/\",\"name\":\"Colocviul Interna\u021bional de \u0218tiin\u021be ale Limbajului (CISL) \u201eEugeniu Co\u0219eriu\u201d\",\"description\":\"Colocviul Interna\u021bional de \u0218tiin\u021be ale Limbajului \u201cEugeniu Co\u0219eriu\u201d, cu o tradi\u0163ie de peste 30 de ani, reprezint\u0103 un eveniment academic de referin\u021b\u0103 \u00een urm\u0103toarele domenii: semiotic\u0103, lingvistic\u0103, literatur\u0103, \u015ftiin\u0163e umaniste, filosofia limbii, didactic\u0103.\",\"potentialAction\":[{\"@type\":\"SearchAction\",\"target\":{\"@type\":\"EntryPoint\",\"urlTemplate\":\"https:\\\/\\\/cisl.usv.ro\\\/?s={search_term_string}\"},\"query-input\":{\"@type\":\"PropertyValueSpecification\",\"valueRequired\":true,\"valueName\":\"search_term_string\"}}],\"inLanguage\":\"en-US\"}]}<\/script>\n<!-- \/ Yoast SEO plugin. -->","yoast_head_json":{"title":"Edi\u021bii - Colocviul Interna\u021bional de \u0218tiin\u021be ale Limbajului (CISL) \u201eEugeniu Co\u0219eriu\u201d","robots":{"index":"index","follow":"follow","max-snippet":"max-snippet:-1","max-image-preview":"max-image-preview:large","max-video-preview":"max-video-preview:-1"},"canonical":"https:\/\/cisl.usv.ro\/?page_id=2968","og_locale":"en_US","og_type":"article","og_title":"Edi\u021bii - Colocviul Interna\u021bional de \u0218tiin\u021be ale Limbajului (CISL) \u201eEugeniu Co\u0219eriu\u201d","og_description":"1. Colocviul Interna\u0163ional de \u015etiin\u0163e ale Limbajului \u201cEugeniu Co\u015feriu\u201d, ed. XVII, Timp \u015fi limbaj, Universitatea \u201c\u015etefan cel Mare\u201d, Suceava, 20-24\/09\/2023. 2. Colocviul Interna\u0163ional de \u015etiin\u0163e ale Limbajului \u201cEugeniu Co\u015feriu\u201d, ed. XVI, Limb\u0103, creativitate, cultur\u0103 \u2013 structuri de rezisten\u0163\u0103 ale fiin\u0163ei umane, Universitatea de Stat din Moldova, Chi\u015fin\u0103u, 24-25\/09\/2021. 3. Colocviul Interna\u0163ional de \u015etiin\u0163e ale Limbajului","og_url":"https:\/\/cisl.usv.ro\/?page_id=2968","og_site_name":"Colocviul Interna\u021bional de \u0218tiin\u021be ale Limbajului (CISL) \u201eEugeniu Co\u0219eriu\u201d","article_modified_time":"2024-08-09T15:16:59+00:00","twitter_card":"summary_large_image","twitter_misc":{"Est. reading time":"2 minutes"},"schema":{"@context":"https:\/\/schema.org","@graph":[{"@type":"WebPage","@id":"https:\/\/cisl.usv.ro\/?page_id=2968","url":"https:\/\/cisl.usv.ro\/?page_id=2968","name":"Edi\u021bii - Colocviul Interna\u021bional de \u0218tiin\u021be ale Limbajului (CISL) \u201eEugeniu Co\u0219eriu\u201d","isPartOf":{"@id":"https:\/\/cisl.usv.ro\/#website"},"datePublished":"2024-07-31T14:49:19+00:00","dateModified":"2024-08-09T15:16:59+00:00","breadcrumb":{"@id":"https:\/\/cisl.usv.ro\/?page_id=2968#breadcrumb"},"inLanguage":"en-US","potentialAction":[{"@type":"ReadAction","target":["https:\/\/cisl.usv.ro\/?page_id=2968"]}]},{"@type":"BreadcrumbList","@id":"https:\/\/cisl.usv.ro\/?page_id=2968#breadcrumb","itemListElement":[{"@type":"ListItem","position":1,"name":"Home","item":"https:\/\/cisl.usv.ro\/"},{"@type":"ListItem","position":2,"name":"Edi\u021bii"}]},{"@type":"WebSite","@id":"https:\/\/cisl.usv.ro\/#website","url":"https:\/\/cisl.usv.ro\/","name":"Colocviul Interna\u021bional de \u0218tiin\u021be ale Limbajului (CISL) \u201eEugeniu Co\u0219eriu\u201d","description":"Colocviul Interna\u021bional de \u0218tiin\u021be ale Limbajului \u201cEugeniu Co\u0219eriu\u201d, cu o tradi\u0163ie de peste 30 de ani, reprezint\u0103 un eveniment academic de referin\u021b\u0103 \u00een urm\u0103toarele domenii: semiotic\u0103, lingvistic\u0103, literatur\u0103, \u015ftiin\u0163e umaniste, filosofia limbii, didactic\u0103.","potentialAction":[{"@type":"SearchAction","target":{"@type":"EntryPoint","urlTemplate":"https:\/\/cisl.usv.ro\/?s={search_term_string}"},"query-input":{"@type":"PropertyValueSpecification","valueRequired":true,"valueName":"search_term_string"}}],"inLanguage":"en-US"}]}},"_links":{"self":[{"href":"https:\/\/cisl.usv.ro\/index.php?rest_route=\/wp\/v2\/pages\/2968","targetHints":{"allow":["GET"]}}],"collection":[{"href":"https:\/\/cisl.usv.ro\/index.php?rest_route=\/wp\/v2\/pages"}],"about":[{"href":"https:\/\/cisl.usv.ro\/index.php?rest_route=\/wp\/v2\/types\/page"}],"author":[{"embeddable":true,"href":"https:\/\/cisl.usv.ro\/index.php?rest_route=\/wp\/v2\/users\/52"}],"replies":[{"embeddable":true,"href":"https:\/\/cisl.usv.ro\/index.php?rest_route=%2Fwp%2Fv2%2Fcomments&post=2968"}],"version-history":[{"count":0,"href":"https:\/\/cisl.usv.ro\/index.php?rest_route=\/wp\/v2\/pages\/2968\/revisions"}],"wp:attachment":[{"href":"https:\/\/cisl.usv.ro\/index.php?rest_route=%2Fwp%2Fv2%2Fmedia&parent=2968"}],"curies":[{"name":"wp","href":"https:\/\/api.w.org\/{rel}","templated":true}]}}

Ediții

<li>1. <em>Colocviul Internaţional de Ştiinţe ale Limbajului “Eugeniu Coşeriu”</em>, ed. XVII, <em>Timp şi limbaj</em>, Universitatea “Ştefan cel Mare”, Suceava, 20-24/09/2023.</li>
<li>2. <em>Colocviul Internaţional de Ştiinţe ale Limbajului “Eugeniu Coşeriu”</em>, ed. XVI, <em>Limbă, creativitate, cultură – structuri de rezistenţă ale fiinţei umane</em>, Universitatea de Stat din Moldova, Chişinău, 24-25/09/2021.</li>
<li>3. <em>Colocviul Internaţional de Ştiinţe ale Limbajului “Eugeniu Coşeriu”</em>, ed. XV, <em>Schimbarea lingvistică şi schimbarea lingvisticii</em>, Universitatea Națională “Yuriy Fedkovych”, Cernăuți, 11-12/10/2019.</li>
<li>4. <em>Colocviul Internaţional de Ştiinţe ale Limbajului “Eugeniu Coşeriu”</em>, ed. XIV, <em>Text – co(n)text – multiculturalitate</em>, Universitatea de Stat din Moldova, Chişinău, 13-14/10/2017.</li>
<li>5. <em>Colocviul Internaţional de Ştiinţe ale Limbajului “Eugeniu Coşeriu”</em>, ed. XIII, <em>Dinamica limbilor şi literaturilor în epoca globalizării</em>, Universitatea “Ştefan cel Mare”, Suceava, 16-18/10/2015.</li>
<li>6. <em>Colocviul Internaţional de Ştiinţe ale Limbajului “Eugeniu Coşeriu”</em>, ed. XII, <em>Lingvistică integrală – multilingvism – discurs literar</em>, Universitatea Națională “Yuriy Fedkovych”, Cernăuți, 19-21/09/2013.</li>
<li>7. <em>Colocviul Internaţional de Ştiinţe ale Limbajului “Eugeniu Coşeriu”</em>, ed. XI, <em>Normă – sistem – uz: condimensionare actuală</em>, Universitatea de Stat din Moldova, Chişinău, 12-14/05/2011.</li>
<li>8. <em>Colocviul Internaţional de Ştiinţe ale Limbajului “Eugeniu Coşeriu”</em>, ed. X, <em>Creativitate, semanticitate, alteritate</em>, Universitatea “Ştefan cel Mare”, Suceava, 22-24/X/2009.</li>
<li>9. <em>Colocviul Internațional de Științe ale Limbajului “Eugeniu Coșeriu”</em>, ed. IX, Universitatea “Ștefan cel Mare”, Suceava, 2007.</li>
<li>10. <em>Colocviul Internațional de Științe ale Limbajului “Eugeniu Coșeriu”</em>, ed. VIII, Universitatea de Stat din Moldova, Chișinău, 2005.</li>
<li>11. <em>Colocviul Internațional de Științe ale Limbajului “Eugeniu Coșeriu”</em>, ed. VII, Universitatea Națională “Yuriy Fedkovych”, Cernăuți, 2-5/10/2003.</li>
<li>12. <em>Colocviul Internațional de Științe ale Limbajului “Eugeniu Coșeriu”</em>, ed. VI, Universitatea “Ștefan cel Mare”, Suceava, 2001.</li>
<li>13. <em>Colocviul Internațional de Științe ale Limbajului</em>, ed. IV, Universitatea “Ștefan cel Mare”, Suceava, 1999.</li>
<li>14. <em>Colocviul Internațional de Științe ale Limbajului</em>, <em>Expresie și sens</em>, ed. III, Universitatea “Ștefan cel Mare”, Suceava, 10/1997.</li>
<li>15.<em>Colocviul Internațional de Științe ale Limbajului</em>, <em>Limbaje și comunicare</em>, ed. II, Universitatea “Ștefan cel Mare”, Suceava, 1995.</li>
<li>16. <em>Colocviul Internațional de Științe ale Limbajului</em>, <em>Limbaje și comunicare</em>, ed. I, Universitatea “Ștefan cel Mare”, Suceava, 15-17/10/1993.</li>
<li>17. <em>Colocviul Internațional de Științe ale Limbajului</em>, <em>Lingvistică, semiotică, poetică, stilistică</em>, Universitatea “Ștefan cel Mare”, Suceava, 1992.</li>

<p>1. Colocviul Internaţional de Ştiinţe ale Limbajului “Eugeniu Coşeriu”, ed. XVII, Timp şi limbaj, Universitatea “Ştefan cel Mare”, Suceava, 20-24/09/2023. 2. Colocviul Internaţional de Ştiinţe ale Limbajului “Eugeniu Coşeriu”, ed. XVI, Limbă, creativitate, cultură – structuri de rezistenţă ale fiinţei umane, Universitatea de Stat din Moldova, Chişinău, 24-25/09/2021. 3. Colocviul Internaţional de Ştiinţe ale Limbajului</p>

<!-- This site is optimized with the Yoast SEO plugin v27.5 - https://yoast.com/product/yoast-seo-wordpress/ -->
<title>Ediții - Colocviul Internațional de Științe ale Limbajului (CISL) „Eugeniu Coșeriu”</title>
<meta name="robots" content="index, follow, max-snippet:-1, max-image-preview:large, max-video-preview:-1" />
<link rel="canonical" href="https://cisl.usv.ro/?page_id=2968" />
<meta property="og:locale" content="en_US" />
<meta property="og:type" content="article" />
<meta property="og:title" content="Ediții - Colocviul Internațional de Științe ale Limbajului (CISL) „Eugeniu Coșeriu”" />
<meta property="og:description" content="1. Colocviul Internaţional de Ştiinţe ale Limbajului “Eugeniu Coşeriu”, ed. XVII, Timp şi limbaj, Universitatea “Ştefan cel Mare”, Suceava, 20-24/09/2023. 2. Colocviul Internaţional de Ştiinţe ale Limbajului “Eugeniu Coşeriu”, ed. XVI, Limbă, creativitate, cultură – structuri de rezistenţă ale fiinţei umane, Universitatea de Stat din Moldova, Chişinău, 24-25/09/2021. 3. Colocviul Internaţional de Ştiinţe ale Limbajului" />
<meta property="og:url" content="https://cisl.usv.ro/?page_id=2968" />
<meta property="og:site_name" content="Colocviul Internațional de Științe ale Limbajului (CISL) „Eugeniu Coșeriu”" />
<meta property="article:modified_time" content="2024-08-09T15:16:59+00:00" />
<meta name="twitter:card" content="summary_large_image" />
<meta name="twitter:label1" content="Est. reading time" />
	<meta name="twitter:data1" content="2 minutes" />
<script type="application/ld+json" class="yoast-schema-graph">{"@context":"https:\/\/schema.org","@graph":[{"@type":"WebPage","@id":"https:\/\/cisl.usv.ro\/?page_id=2968","url":"https:\/\/cisl.usv.ro\/?page_id=2968","name":"Ediții - Colocviul Internațional de Științe ale Limbajului (CISL) „Eugeniu Coșeriu”","isPartOf":{"@id":"https:\/\/cisl.usv.ro\/#website"},"datePublished":"2024-07-31T14:49:19+00:00","dateModified":"2024-08-09T15:16:59+00:00","breadcrumb":{"@id":"https:\/\/cisl.usv.ro\/?page_id=2968#breadcrumb"},"inLanguage":"en-US","potentialAction":[{"@type":"ReadAction","target":["https:\/\/cisl.usv.ro\/?page_id=2968"]}]},{"@type":"BreadcrumbList","@id":"https:\/\/cisl.usv.ro\/?page_id=2968#breadcrumb","itemListElement":[{"@type":"ListItem","position":1,"name":"Home","item":"https:\/\/cisl.usv.ro\/"},{"@type":"ListItem","position":2,"name":"Ediții"}]},{"@type":"WebSite","@id":"https:\/\/cisl.usv.ro\/#website","url":"https:\/\/cisl.usv.ro\/","name":"Colocviul Internațional de Științe ale Limbajului (CISL) „Eugeniu Coșeriu”","description":"Colocviul Internațional de Științe ale Limbajului “Eugeniu Coșeriu”, cu o tradiţie de peste 30 de ani, reprezintă un eveniment academic de referință în următoarele domenii: semiotică, lingvistică, literatură, ştiinţe umaniste, filosofia limbii, didactică.","potentialAction":[{"@type":"SearchAction","target":{"@type":"EntryPoint","urlTemplate":"https:\/\/cisl.usv.ro\/?s={search_term_string}"},"query-input":{"@type":"PropertyValueSpecification","valueRequired":true,"valueName":"search_term_string"}}],"inLanguage":"en-US"}]}</script>
<!-- / Yoast SEO plugin. -->

Ediții - Colocviul Internațional de Științe ale Limbajului (CISL) „Eugeniu Coșeriu”

1. Colocviul Internaţional de Ştiinţe ale Limbajului “Eugeniu Coşeriu”, ed. XVII, Timp şi limbaj, Universitatea “Ştefan cel Mare”, Suceava, 20-24/09/2023. 2. Colocviul Internaţional de Ştiinţe ale Limbajului “Eugeniu Coşeriu”, ed. XVI, Limbă, creativitate, cultură – structuri de rezistenţă ale fiinţei umane, Universitatea de Stat din Moldova, Chişinău, 24-25/09/2021. 3. Colocviul Internaţional de Ştiinţe ale Limbajului

Colocviul Internațional de Științe ale Limbajului (CISL) „Eugeniu Coșeriu”

Colocviul Internațional de Științe ale Limbajului “Eugeniu Coșeriu”, cu o tradiţie de peste 30 de ani, reprezintă un eveniment academic de referință în următoarele domenii: semiotică, lingvistică, literatură, ştiinţe umaniste, filosofia limbii, didactică.
