{"id":2503,"date":"2024-07-04T12:52:17","date_gmt":"2024-07-04T09:52:17","guid":{"rendered":"https:\/\/cisl.usv.ro\/?page_id=2503"},"modified":"2024-08-02T20:46:45","modified_gmt":"2024-08-02T17:46:45","slug":"comitetul-onorific","status":"publish","type":"page","link":"https:\/\/cisl.usv.ro\/?page_id=2503","title":{"rendered":"Comitetul onorific"},"content":{"rendered":"<p><strong>2023<\/strong><\/p>\n<li>Alexandru Banto\u0219, redactor-\u015fef al revistei \u201eLimba rom\u00e2n\u0103\u201d, Chi\u015fin\u0103u, Republica Moldova<\/li>\n<li>Henri Boyer, prof. univ. dr., Universitatea \u201ePaul Val\u00e9ry\u201d, Montpellier, Fran\u0163a<\/li>\n<li>Mircea Borcil\u0103, prof. univ. dr., Universitatea \u201eBabe\u0219-Bolyai\u201d, Cluj-Napoca, Rom\u00e2nia<\/li>\n<li>Iraida Condrea, prof. univ. dr. habil., Universitatea de Stat din Moldova, Republica Moldova<\/li>\n<li>Johannes Kabatek, academician, prof. dr., Universitatea din Z\u00fcrich, Elve\u021bia<\/li>\n<li>Oscar Loureda Lamas, prof. univ. dr., Universitatea din Heidelberg, Germania<\/li>\n<li>Ioan Oprea, prof. univ. dr., Universitatea \u201e\u015etefan cel Mare\u201d, Suceava, Rom\u00e2nia<\/li>\n<li>Sergiu Pavlicenco, prof. univ. dr. habil., Universitatea de Stat din Moldova, Republica Moldova<\/li>\n<li>Gheorghe Popa, prof. univ. dr. habil., Universitatea de Stat \u201eAlecu Russo\u201d, B\u0103l\u021bi, Republica Moldova<\/li>\n<li>Nicolae Saramandu, academician, Academia Rom\u00e2n\u0103, Bucure\u015fti, Rom\u00e2nia<\/li>\n<li>Klaas Willems, prof. univ. dr., Universitatea din Gent, Belgia<\/li>\n<p><\/br><br \/>\n<strong>2015<\/strong><\/p>\n<li>Acad. Anatol Ciobanu \u2013 Universitatea de Stat, Chi\u015fin\u0103u, Republica Moldova<\/li>\n<li>Acad. Gheorghe Chivu \u2013 Academia Rom\u00e2n\u0103, Bucure\u0219ti<\/li>\n<li>Acad. Marius Sala \u2013 Academia Rom\u00e2n\u0103, Bucure\u0219ti<\/li>\n<li>Prof. univ. dr. Ion-Horia B\u00eerleanu \u2013 Universitatea \u201e\u015etefan cel Mare\u201d, Suceava<\/li>\n<li>Prof. univ. dr. Anna Bondarenco \u2013 Universitatea de Stat, Chi\u015fin\u0103u, Republica Moldova<\/li>\n<li>Prof. univ. dr. Gheorghe Moldoveanu \u2013 Universitatea \u201e\u015etefan cel Mare\u201d, Suceava<\/li>\n<li>Prof. univ. dr. Ioan Oprea \u2013 Universitatea \u201e\u015etefan cel Mare\u201d, Suceava<\/li>\n","protected":false},"excerpt":{"rendered":"<p>2023 Alexandru Banto\u0219, redactor-\u015fef al revistei \u201eLimba rom\u00e2n\u0103\u201d, Chi\u015fin\u0103u, Republica Moldova Henri Boyer, prof. univ. dr., Universitatea \u201ePaul Val\u00e9ry\u201d, Montpellier, Fran\u0163a Mircea Borcil\u0103, prof. univ. dr., Universitatea \u201eBabe\u0219-Bolyai\u201d, Cluj-Napoca, Rom\u00e2nia Iraida Condrea, prof. univ. dr. habil., Universitatea de Stat din Moldova, Republica Moldova Johannes Kabatek, academician, prof. dr., Universitatea din Z\u00fcrich, Elve\u021bia Oscar Loureda Lamas,<\/p>\n","protected":false},"author":45,"featured_media":0,"parent":0,"menu_order":0,"comment_status":"closed","ping_status":"closed","template":"","meta":{"cybocfi_hide_featured_image":"","footnotes":""},"class_list":["post-2503","page","type-page","status-publish","hentry"],"yoast_head":"<!-- This site is optimized with the Yoast SEO plugin v27.5 - https:\/\/yoast.com\/product\/yoast-seo-wordpress\/ -->\n<title>Comitetul onorific - Colocviul Interna\u021bional de \u0218tiin\u021be ale Limbajului (CISL) \u201eEugeniu Co\u0219eriu\u201d<\/title>\n<meta name=\"robots\" content=\"index, follow, max-snippet:-1, max-image-preview:large, max-video-preview:-1\" \/>\n<link rel=\"canonical\" href=\"https:\/\/cisl.usv.ro\/?page_id=2503\" \/>\n<meta property=\"og:locale\" content=\"en_US\" \/>\n<meta property=\"og:type\" content=\"article\" \/>\n<meta property=\"og:title\" content=\"Comitetul onorific - Colocviul Interna\u021bional de \u0218tiin\u021be ale Limbajului (CISL) \u201eEugeniu Co\u0219eriu\u201d\" \/>\n<meta property=\"og:description\" content=\"2023 Alexandru Banto\u0219, redactor-\u015fef al revistei \u201eLimba rom\u00e2n\u0103\u201d, Chi\u015fin\u0103u, Republica Moldova Henri Boyer, prof. univ. dr., Universitatea \u201ePaul Val\u00e9ry\u201d, Montpellier, Fran\u0163a Mircea Borcil\u0103, prof. univ. dr., Universitatea \u201eBabe\u0219-Bolyai\u201d, Cluj-Napoca, Rom\u00e2nia Iraida Condrea, prof. univ. dr. habil., Universitatea de Stat din Moldova, Republica Moldova Johannes Kabatek, academician, prof. dr., Universitatea din Z\u00fcrich, Elve\u021bia Oscar Loureda Lamas,\" \/>\n<meta property=\"og:url\" content=\"https:\/\/cisl.usv.ro\/?page_id=2503\" \/>\n<meta property=\"og:site_name\" content=\"Colocviul Interna\u021bional de \u0218tiin\u021be ale Limbajului (CISL) \u201eEugeniu Co\u0219eriu\u201d\" \/>\n<meta property=\"article:modified_time\" content=\"2024-08-02T17:46:45+00:00\" \/>\n<meta name=\"twitter:card\" content=\"summary_large_image\" \/>\n<meta name=\"twitter:label1\" content=\"Est. reading time\" \/>\n\t<meta name=\"twitter:data1\" content=\"1 minute\" \/>\n<script type=\"application\/ld+json\" class=\"yoast-schema-graph\">{\"@context\":\"https:\\\/\\\/schema.org\",\"@graph\":[{\"@type\":\"WebPage\",\"@id\":\"https:\\\/\\\/cisl.usv.ro\\\/?page_id=2503\",\"url\":\"https:\\\/\\\/cisl.usv.ro\\\/?page_id=2503\",\"name\":\"Comitetul onorific - Colocviul Interna\u021bional de \u0218tiin\u021be ale Limbajului (CISL) \u201eEugeniu Co\u0219eriu\u201d\",\"isPartOf\":{\"@id\":\"https:\\\/\\\/cisl.usv.ro\\\/#website\"},\"datePublished\":\"2024-07-04T09:52:17+00:00\",\"dateModified\":\"2024-08-02T17:46:45+00:00\",\"breadcrumb\":{\"@id\":\"https:\\\/\\\/cisl.usv.ro\\\/?page_id=2503#breadcrumb\"},\"inLanguage\":\"en-US\",\"potentialAction\":[{\"@type\":\"ReadAction\",\"target\":[\"https:\\\/\\\/cisl.usv.ro\\\/?page_id=2503\"]}]},{\"@type\":\"BreadcrumbList\",\"@id\":\"https:\\\/\\\/cisl.usv.ro\\\/?page_id=2503#breadcrumb\",\"itemListElement\":[{\"@type\":\"ListItem\",\"position\":1,\"name\":\"Home\",\"item\":\"https:\\\/\\\/cisl.usv.ro\\\/\"},{\"@type\":\"ListItem\",\"position\":2,\"name\":\"Comitetul onorific\"}]},{\"@type\":\"WebSite\",\"@id\":\"https:\\\/\\\/cisl.usv.ro\\\/#website\",\"url\":\"https:\\\/\\\/cisl.usv.ro\\\/\",\"name\":\"Colocviul Interna\u021bional de \u0218tiin\u021be ale Limbajului (CISL) \u201eEugeniu Co\u0219eriu\u201d\",\"description\":\"Colocviul Interna\u021bional de \u0218tiin\u021be ale Limbajului \u201cEugeniu Co\u0219eriu\u201d, cu o tradi\u0163ie de peste 30 de ani, reprezint\u0103 un eveniment academic de referin\u021b\u0103 \u00een urm\u0103toarele domenii: semiotic\u0103, lingvistic\u0103, literatur\u0103, \u015ftiin\u0163e umaniste, filosofia limbii, didactic\u0103.\",\"potentialAction\":[{\"@type\":\"SearchAction\",\"target\":{\"@type\":\"EntryPoint\",\"urlTemplate\":\"https:\\\/\\\/cisl.usv.ro\\\/?s={search_term_string}\"},\"query-input\":{\"@type\":\"PropertyValueSpecification\",\"valueRequired\":true,\"valueName\":\"search_term_string\"}}],\"inLanguage\":\"en-US\"}]}<\/script>\n<!-- \/ Yoast SEO plugin. -->","yoast_head_json":{"title":"Comitetul onorific - Colocviul Interna\u021bional de \u0218tiin\u021be ale Limbajului (CISL) \u201eEugeniu Co\u0219eriu\u201d","robots":{"index":"index","follow":"follow","max-snippet":"max-snippet:-1","max-image-preview":"max-image-preview:large","max-video-preview":"max-video-preview:-1"},"canonical":"https:\/\/cisl.usv.ro\/?page_id=2503","og_locale":"en_US","og_type":"article","og_title":"Comitetul onorific - Colocviul Interna\u021bional de \u0218tiin\u021be ale Limbajului (CISL) \u201eEugeniu Co\u0219eriu\u201d","og_description":"2023 Alexandru Banto\u0219, redactor-\u015fef al revistei \u201eLimba rom\u00e2n\u0103\u201d, Chi\u015fin\u0103u, Republica Moldova Henri Boyer, prof. univ. dr., Universitatea \u201ePaul Val\u00e9ry\u201d, Montpellier, Fran\u0163a Mircea Borcil\u0103, prof. univ. dr., Universitatea \u201eBabe\u0219-Bolyai\u201d, Cluj-Napoca, Rom\u00e2nia Iraida Condrea, prof. univ. dr. habil., Universitatea de Stat din Moldova, Republica Moldova Johannes Kabatek, academician, prof. dr., Universitatea din Z\u00fcrich, Elve\u021bia Oscar Loureda Lamas,","og_url":"https:\/\/cisl.usv.ro\/?page_id=2503","og_site_name":"Colocviul Interna\u021bional de \u0218tiin\u021be ale Limbajului (CISL) \u201eEugeniu Co\u0219eriu\u201d","article_modified_time":"2024-08-02T17:46:45+00:00","twitter_card":"summary_large_image","twitter_misc":{"Est. reading time":"1 minute"},"schema":{"@context":"https:\/\/schema.org","@graph":[{"@type":"WebPage","@id":"https:\/\/cisl.usv.ro\/?page_id=2503","url":"https:\/\/cisl.usv.ro\/?page_id=2503","name":"Comitetul onorific - Colocviul Interna\u021bional de \u0218tiin\u021be ale Limbajului (CISL) \u201eEugeniu Co\u0219eriu\u201d","isPartOf":{"@id":"https:\/\/cisl.usv.ro\/#website"},"datePublished":"2024-07-04T09:52:17+00:00","dateModified":"2024-08-02T17:46:45+00:00","breadcrumb":{"@id":"https:\/\/cisl.usv.ro\/?page_id=2503#breadcrumb"},"inLanguage":"en-US","potentialAction":[{"@type":"ReadAction","target":["https:\/\/cisl.usv.ro\/?page_id=2503"]}]},{"@type":"BreadcrumbList","@id":"https:\/\/cisl.usv.ro\/?page_id=2503#breadcrumb","itemListElement":[{"@type":"ListItem","position":1,"name":"Home","item":"https:\/\/cisl.usv.ro\/"},{"@type":"ListItem","position":2,"name":"Comitetul onorific"}]},{"@type":"WebSite","@id":"https:\/\/cisl.usv.ro\/#website","url":"https:\/\/cisl.usv.ro\/","name":"Colocviul Interna\u021bional de \u0218tiin\u021be ale Limbajului (CISL) \u201eEugeniu Co\u0219eriu\u201d","description":"Colocviul Interna\u021bional de \u0218tiin\u021be ale Limbajului \u201cEugeniu Co\u0219eriu\u201d, cu o tradi\u0163ie de peste 30 de ani, reprezint\u0103 un eveniment academic de referin\u021b\u0103 \u00een urm\u0103toarele domenii: semiotic\u0103, lingvistic\u0103, literatur\u0103, \u015ftiin\u0163e umaniste, filosofia limbii, didactic\u0103.","potentialAction":[{"@type":"SearchAction","target":{"@type":"EntryPoint","urlTemplate":"https:\/\/cisl.usv.ro\/?s={search_term_string}"},"query-input":{"@type":"PropertyValueSpecification","valueRequired":true,"valueName":"search_term_string"}}],"inLanguage":"en-US"}]}},"_links":{"self":[{"href":"https:\/\/cisl.usv.ro\/index.php?rest_route=\/wp\/v2\/pages\/2503","targetHints":{"allow":["GET"]}}],"collection":[{"href":"https:\/\/cisl.usv.ro\/index.php?rest_route=\/wp\/v2\/pages"}],"about":[{"href":"https:\/\/cisl.usv.ro\/index.php?rest_route=\/wp\/v2\/types\/page"}],"author":[{"embeddable":true,"href":"https:\/\/cisl.usv.ro\/index.php?rest_route=\/wp\/v2\/users\/45"}],"replies":[{"embeddable":true,"href":"https:\/\/cisl.usv.ro\/index.php?rest_route=%2Fwp%2Fv2%2Fcomments&post=2503"}],"version-history":[{"count":0,"href":"https:\/\/cisl.usv.ro\/index.php?rest_route=\/wp\/v2\/pages\/2503\/revisions"}],"wp:attachment":[{"href":"https:\/\/cisl.usv.ro\/index.php?rest_route=%2Fwp%2Fv2%2Fmedia&parent=2503"}],"curies":[{"name":"wp","href":"https:\/\/api.w.org\/{rel}","templated":true}]}}